{"id":3581,"date":"2017-04-08T20:12:57","date_gmt":"2017-04-08T23:12:57","guid":{"rendered":"http:\/\/belojardim.pe.leg.br\/portal\/?page_id=3581"},"modified":"2025-06-09T09:18:15","modified_gmt":"2025-06-09T12:18:15","slug":"comissao-de-politicas-publicas-para-a-juventude","status":"publish","type":"page","link":"https:\/\/belojardim.pe.leg.br\/portal\/comissao-de-politicas-publicas-para-a-juventude\/","title":{"rendered":"Comiss\u00e3o de Pol\u00edticas P\u00fablicas para a Juventude"},"content":{"rendered":"<p><em>Regimento Interno<\/em><\/p>\n<p><em>Art. 249 \u2013 \u00c0 Comiss\u00e3o de Pol\u00edticas P\u00fablicas para Juventude compete:<\/em><\/p>\n<p><em>I- apreciar e emitir parecer de mat\u00e9rias voltadas para a juventude e a implanta\u00e7\u00e3o de pol\u00edticas p\u00fablicas;<\/em><br \/>\n<em>II- iniciativa para elabora\u00e7\u00e3o de relat\u00f3rio anual sobre as pol\u00edticas p\u00fablicas municipais da juventude;<\/em><br \/>\n<em>III- assessorar o Poder Executivo local na elabora\u00e7\u00e3o dos planos, programas, projetos e a\u00e7\u00f5es;<\/em><br \/>\n<em>IV- propor aos poderes constitu\u00eddos, modifica\u00e7\u00f5es nas estruturas dos \u00f3rg\u00e3os governamentais e n\u00e3o governamentais diretamente ligados \u00e0 promo\u00e7\u00e3o, \u00e0 prote\u00e7\u00e3o e \u00e0 defesa dos direitos da juventude;<\/em><br \/>\n<em>V- estabelecer prioridades e fiscalizar a aplica\u00e7\u00e3o dos recursos p\u00fablicos federais, estaduais e municipais, e outros, destinados \u00e0s pol\u00edticas relacionadas \u00e0 juventude;<\/em><br \/>\n<em>VI- apreciar a proposta or\u00e7ament\u00e1ria do Munic\u00edpio e propor as modifica\u00e7\u00f5es necess\u00e1rias \u00e0 consecu\u00e7\u00e3o da pol\u00edtica formulada, bem como, a an\u00e1lise da aplica\u00e7\u00e3o de recursos relacionados \u00e0s a\u00e7\u00f5es voltadas \u00e0 juventude;<\/em><br \/>\n<em>VII- acompanhar a concess\u00e3o de aux\u00edlios e subven\u00e7\u00f5es \u00e0s entidades particulares filantr\u00f3picas e sem fins lucrativos atuantes no seguimento da juventude;<\/em><br \/>\n<em>VIII- verificar o cadastramento municipal de entidades que atuem na promo\u00e7\u00e3o das pol\u00edticas p\u00fablicas da juventude; e<\/em><br \/>\n<em>IX- convocar e organizar a Confer\u00eancia Municipal de Pol\u00edticas para Juventude.<\/em><\/p>\n<p><strong>Composi\u00e7\u00e3o<\/strong><\/p>\n<p>Presidente: Rui Nunes de Souza &#8211; PSDB<br \/>\nRelator: Edson de Oliveira Silva &#8211; PL<br \/>\nMembro: Everaldo Jos\u00e9 da Silva &#8211; REDE\/PSOL<\/p>\n","protected":false},"excerpt":{"rendered":"<p>Regimento Interno Art. 249 \u2013 \u00c0 Comiss\u00e3o de Pol\u00edticas P\u00fablicas para Juventude compete: I- apreciar e emitir parecer de mat\u00e9rias voltadas para a juventude e&#8230;<\/p>\n","protected":false},"author":1,"featured_media":0,"parent":0,"menu_order":0,"comment_status":"closed","ping_status":"closed","template":"","meta":{"footnotes":""},"class_list":["post-3581","page","type-page","status-publish","hentry"],"yoast_head":"<!-- This site is optimized with the Yoast SEO plugin v25.1 - https:\/\/yoast.com\/wordpress\/plugins\/seo\/ -->\n<title>Comiss\u00e3o de Pol\u00edticas P\u00fablicas para a Juventude - C\u00e2mara Municipal de Belo Jardim<\/title>\n<meta name=\"robots\" content=\"index, follow, max-snippet:-1, max-image-preview:large, max-video-preview:-1\" \/>\n<link rel=\"canonical\" href=\"https:\/\/belojardim.pe.leg.br\/portal\/comissao-de-politicas-publicas-para-a-juventude\/\" \/>\n<meta property=\"og:locale\" content=\"pt_BR\" \/>\n<meta property=\"og:type\" content=\"article\" \/>\n<meta property=\"og:title\" content=\"Comiss\u00e3o de Pol\u00edticas P\u00fablicas para a Juventude - C\u00e2mara Municipal de Belo Jardim\" \/>\n<meta property=\"og:description\" content=\"Regimento Interno Art. 249 \u2013 \u00c0 Comiss\u00e3o de Pol\u00edticas P\u00fablicas para Juventude compete: I- apreciar e emitir parecer de mat\u00e9rias voltadas para a juventude e...\" \/>\n<meta property=\"og:url\" content=\"https:\/\/belojardim.pe.leg.br\/portal\/comissao-de-politicas-publicas-para-a-juventude\/\" \/>\n<meta property=\"og:site_name\" content=\"C\u00e2mara Municipal de Belo Jardim\" \/>\n<meta property=\"article:modified_time\" content=\"2025-06-09T12:18:15+00:00\" \/>\n<meta name=\"twitter:card\" content=\"summary_large_image\" \/>\n<meta name=\"twitter:label1\" content=\"Est. tempo de leitura\" \/>\n\t<meta name=\"twitter:data1\" content=\"2 minutos\" \/>\n<script type=\"application\/ld+json\" class=\"yoast-schema-graph\">{\"@context\":\"https:\/\/schema.org\",\"@graph\":[{\"@type\":\"WebPage\",\"@id\":\"https:\/\/belojardim.pe.leg.br\/portal\/comissao-de-politicas-publicas-para-a-juventude\/\",\"url\":\"https:\/\/belojardim.pe.leg.br\/portal\/comissao-de-politicas-publicas-para-a-juventude\/\",\"name\":\"Comiss\u00e3o de Pol\u00edticas P\u00fablicas para a Juventude - C\u00e2mara Municipal de Belo Jardim\",\"isPartOf\":{\"@id\":\"https:\/\/belojardim.pe.leg.br\/portal\/#website\"},\"datePublished\":\"2017-04-08T23:12:57+00:00\",\"dateModified\":\"2025-06-09T12:18:15+00:00\",\"breadcrumb\":{\"@id\":\"https:\/\/belojardim.pe.leg.br\/portal\/comissao-de-politicas-publicas-para-a-juventude\/#breadcrumb\"},\"inLanguage\":\"pt-BR\",\"potentialAction\":[{\"@type\":\"ReadAction\",\"target\":[\"https:\/\/belojardim.pe.leg.br\/portal\/comissao-de-politicas-publicas-para-a-juventude\/\"]}]},{\"@type\":\"BreadcrumbList\",\"@id\":\"https:\/\/belojardim.pe.leg.br\/portal\/comissao-de-politicas-publicas-para-a-juventude\/#breadcrumb\",\"itemListElement\":[{\"@type\":\"ListItem\",\"position\":1,\"name\":\"In\u00edcio\",\"item\":\"https:\/\/belojardim.pe.leg.br\/portal\/\"},{\"@type\":\"ListItem\",\"position\":2,\"name\":\"Comiss\u00e3o de Pol\u00edticas P\u00fablicas para a Juventude\"}]},{\"@type\":\"WebSite\",\"@id\":\"https:\/\/belojardim.pe.leg.br\/portal\/#website\",\"url\":\"https:\/\/belojardim.pe.leg.br\/portal\/\",\"name\":\"C\u00e2mara Municipal de Belo Jardim\",\"description\":\"Casa Cust\u00f3dio Ferreira Mergulh\u00e3o\",\"publisher\":{\"@id\":\"https:\/\/belojardim.pe.leg.br\/portal\/#organization\"},\"potentialAction\":[{\"@type\":\"SearchAction\",\"target\":{\"@type\":\"EntryPoint\",\"urlTemplate\":\"https:\/\/belojardim.pe.leg.br\/portal\/?s={search_term_string}\"},\"query-input\":{\"@type\":\"PropertyValueSpecification\",\"valueRequired\":true,\"valueName\":\"search_term_string\"}}],\"inLanguage\":\"pt-BR\"},{\"@type\":\"Organization\",\"@id\":\"https:\/\/belojardim.pe.leg.br\/portal\/#organization\",\"name\":\"C\u00e2mara Municipal de Belo Jardim\",\"url\":\"https:\/\/belojardim.pe.leg.br\/portal\/\",\"logo\":{\"@type\":\"ImageObject\",\"inLanguage\":\"pt-BR\",\"@id\":\"https:\/\/belojardim.pe.leg.br\/portal\/#\/schema\/logo\/image\/\",\"url\":\"https:\/\/belojardim.pe.leg.br\/portal\/wp-content\/uploads\/2025\/02\/brasao_novo_camara.png\",\"contentUrl\":\"https:\/\/belojardim.pe.leg.br\/portal\/wp-content\/uploads\/2025\/02\/brasao_novo_camara.png\",\"width\":7239,\"height\":1735,\"caption\":\"C\u00e2mara Municipal de Belo Jardim\"},\"image\":{\"@id\":\"https:\/\/belojardim.pe.leg.br\/portal\/#\/schema\/logo\/image\/\"}}]}<\/script>\n<!-- \/ Yoast SEO plugin. -->","yoast_head_json":{"title":"Comiss\u00e3o de Pol\u00edticas P\u00fablicas para a Juventude - C\u00e2mara Municipal de Belo Jardim","robots":{"index":"index","follow":"follow","max-snippet":"max-snippet:-1","max-image-preview":"max-image-preview:large","max-video-preview":"max-video-preview:-1"},"canonical":"https:\/\/belojardim.pe.leg.br\/portal\/comissao-de-politicas-publicas-para-a-juventude\/","og_locale":"pt_BR","og_type":"article","og_title":"Comiss\u00e3o de Pol\u00edticas P\u00fablicas para a Juventude - C\u00e2mara Municipal de Belo Jardim","og_description":"Regimento Interno Art. 249 \u2013 \u00c0 Comiss\u00e3o de Pol\u00edticas P\u00fablicas para Juventude compete: I- apreciar e emitir parecer de mat\u00e9rias voltadas para a juventude e...","og_url":"https:\/\/belojardim.pe.leg.br\/portal\/comissao-de-politicas-publicas-para-a-juventude\/","og_site_name":"C\u00e2mara Municipal de Belo Jardim","article_modified_time":"2025-06-09T12:18:15+00:00","twitter_card":"summary_large_image","twitter_misc":{"Est. tempo de leitura":"2 minutos"},"schema":{"@context":"https:\/\/schema.org","@graph":[{"@type":"WebPage","@id":"https:\/\/belojardim.pe.leg.br\/portal\/comissao-de-politicas-publicas-para-a-juventude\/","url":"https:\/\/belojardim.pe.leg.br\/portal\/comissao-de-politicas-publicas-para-a-juventude\/","name":"Comiss\u00e3o de Pol\u00edticas P\u00fablicas para a Juventude - C\u00e2mara Municipal de Belo Jardim","isPartOf":{"@id":"https:\/\/belojardim.pe.leg.br\/portal\/#website"},"datePublished":"2017-04-08T23:12:57+00:00","dateModified":"2025-06-09T12:18:15+00:00","breadcrumb":{"@id":"https:\/\/belojardim.pe.leg.br\/portal\/comissao-de-politicas-publicas-para-a-juventude\/#breadcrumb"},"inLanguage":"pt-BR","potentialAction":[{"@type":"ReadAction","target":["https:\/\/belojardim.pe.leg.br\/portal\/comissao-de-politicas-publicas-para-a-juventude\/"]}]},{"@type":"BreadcrumbList","@id":"https:\/\/belojardim.pe.leg.br\/portal\/comissao-de-politicas-publicas-para-a-juventude\/#breadcrumb","itemListElement":[{"@type":"ListItem","position":1,"name":"In\u00edcio","item":"https:\/\/belojardim.pe.leg.br\/portal\/"},{"@type":"ListItem","position":2,"name":"Comiss\u00e3o de Pol\u00edticas P\u00fablicas para a Juventude"}]},{"@type":"WebSite","@id":"https:\/\/belojardim.pe.leg.br\/portal\/#website","url":"https:\/\/belojardim.pe.leg.br\/portal\/","name":"C\u00e2mara Municipal de Belo Jardim","description":"Casa Cust\u00f3dio Ferreira Mergulh\u00e3o","publisher":{"@id":"https:\/\/belojardim.pe.leg.br\/portal\/#organization"},"potentialAction":[{"@type":"SearchAction","target":{"@type":"EntryPoint","urlTemplate":"https:\/\/belojardim.pe.leg.br\/portal\/?s={search_term_string}"},"query-input":{"@type":"PropertyValueSpecification","valueRequired":true,"valueName":"search_term_string"}}],"inLanguage":"pt-BR"},{"@type":"Organization","@id":"https:\/\/belojardim.pe.leg.br\/portal\/#organization","name":"C\u00e2mara Municipal de Belo Jardim","url":"https:\/\/belojardim.pe.leg.br\/portal\/","logo":{"@type":"ImageObject","inLanguage":"pt-BR","@id":"https:\/\/belojardim.pe.leg.br\/portal\/#\/schema\/logo\/image\/","url":"https:\/\/belojardim.pe.leg.br\/portal\/wp-content\/uploads\/2025\/02\/brasao_novo_camara.png","contentUrl":"https:\/\/belojardim.pe.leg.br\/portal\/wp-content\/uploads\/2025\/02\/brasao_novo_camara.png","width":7239,"height":1735,"caption":"C\u00e2mara Municipal de Belo Jardim"},"image":{"@id":"https:\/\/belojardim.pe.leg.br\/portal\/#\/schema\/logo\/image\/"}}]}},"_links":{"self":[{"href":"https:\/\/belojardim.pe.leg.br\/portal\/wp-json\/wp\/v2\/pages\/3581","targetHints":{"allow":["GET"]}}],"collection":[{"href":"https:\/\/belojardim.pe.leg.br\/portal\/wp-json\/wp\/v2\/pages"}],"about":[{"href":"https:\/\/belojardim.pe.leg.br\/portal\/wp-json\/wp\/v2\/types\/page"}],"author":[{"embeddable":true,"href":"https:\/\/belojardim.pe.leg.br\/portal\/wp-json\/wp\/v2\/users\/1"}],"replies":[{"embeddable":true,"href":"https:\/\/belojardim.pe.leg.br\/portal\/wp-json\/wp\/v2\/comments?post=3581"}],"version-history":[{"count":7,"href":"https:\/\/belojardim.pe.leg.br\/portal\/wp-json\/wp\/v2\/pages\/3581\/revisions"}],"predecessor-version":[{"id":15208,"href":"https:\/\/belojardim.pe.leg.br\/portal\/wp-json\/wp\/v2\/pages\/3581\/revisions\/15208"}],"wp:attachment":[{"href":"https:\/\/belojardim.pe.leg.br\/portal\/wp-json\/wp\/v2\/media?parent=3581"}],"curies":[{"name":"wp","href":"https:\/\/api.w.org\/{rel}","templated":true}]}}

Comissão de Políticas Públicas para a Juventude

<p><em>Regimento Interno</em></p>
<p><em>Art. 249 – À Comissão de Políticas Públicas para Juventude compete:</em></p>
<p><em>I- apreciar e emitir parecer de matérias voltadas para a juventude e a implantação de políticas públicas;</em><br />
<em>II- iniciativa para elaboração de relatório anual sobre as políticas públicas municipais da juventude;</em><br />
<em>III- assessorar o Poder Executivo local na elaboração dos planos, programas, projetos e ações;</em><br />
<em>IV- propor aos poderes constituídos, modificações nas estruturas dos órgãos governamentais e não governamentais diretamente ligados à promoção, à proteção e à defesa dos direitos da juventude;</em><br />
<em>V- estabelecer prioridades e fiscalizar a aplicação dos recursos públicos federais, estaduais e municipais, e outros, destinados às políticas relacionadas à juventude;</em><br />
<em>VI- apreciar a proposta orçamentária do Município e propor as modificações necessárias à consecução da política formulada, bem como, a análise da aplicação de recursos relacionados às ações voltadas à juventude;</em><br />
<em>VII- acompanhar a concessão de auxílios e subvenções às entidades particulares filantrópicas e sem fins lucrativos atuantes no seguimento da juventude;</em><br />
<em>VIII- verificar o cadastramento municipal de entidades que atuem na promoção das políticas públicas da juventude; e</em><br />
<em>IX- convocar e organizar a Conferência Municipal de Políticas para Juventude.</em></p>
<p><strong>Composição</strong></p>
<p>Presidente: Rui Nunes de Souza &#8211; PSDB<br />
Relator: Edson de Oliveira Silva &#8211; PL<br />
Membro: Everaldo José da Silva &#8211; REDE/PSOL</p>

<p>Regimento Interno Art. 249 – À Comissão de Políticas Públicas para Juventude compete: I- apreciar e emitir parecer de matérias voltadas para a juventude e&#8230;</p>

<!-- This site is optimized with the Yoast SEO plugin v25.1 - https://yoast.com/wordpress/plugins/seo/ -->
<title>Comissão de Políticas Públicas para a Juventude - Câmara Municipal de Belo Jardim</title>
<meta name="robots" content="index, follow, max-snippet:-1, max-image-preview:large, max-video-preview:-1" />
<link rel="canonical" href="https://belojardim.pe.leg.br/portal/comissao-de-politicas-publicas-para-a-juventude/" />
<meta property="og:locale" content="pt_BR" />
<meta property="og:type" content="article" />
<meta property="og:title" content="Comissão de Políticas Públicas para a Juventude - Câmara Municipal de Belo Jardim" />
<meta property="og:description" content="Regimento Interno Art. 249 – À Comissão de Políticas Públicas para Juventude compete: I- apreciar e emitir parecer de matérias voltadas para a juventude e..." />
<meta property="og:url" content="https://belojardim.pe.leg.br/portal/comissao-de-politicas-publicas-para-a-juventude/" />
<meta property="og:site_name" content="Câmara Municipal de Belo Jardim" />
<meta property="article:modified_time" content="2025-06-09T12:18:15+00:00" />
<meta name="twitter:card" content="summary_large_image" />
<meta name="twitter:label1" content="Est. tempo de leitura" />
	<meta name="twitter:data1" content="2 minutos" />
<script type="application/ld+json" class="yoast-schema-graph">{"@context":"https://schema.org","@graph":[{"@type":"WebPage","@id":"https://belojardim.pe.leg.br/portal/comissao-de-politicas-publicas-para-a-juventude/","url":"https://belojardim.pe.leg.br/portal/comissao-de-politicas-publicas-para-a-juventude/","name":"Comissão de Políticas Públicas para a Juventude - Câmara Municipal de Belo Jardim","isPartOf":{"@id":"https://belojardim.pe.leg.br/portal/#website"},"datePublished":"2017-04-08T23:12:57+00:00","dateModified":"2025-06-09T12:18:15+00:00","breadcrumb":{"@id":"https://belojardim.pe.leg.br/portal/comissao-de-politicas-publicas-para-a-juventude/#breadcrumb"},"inLanguage":"pt-BR","potentialAction":[{"@type":"ReadAction","target":["https://belojardim.pe.leg.br/portal/comissao-de-politicas-publicas-para-a-juventude/"]}]},{"@type":"BreadcrumbList","@id":"https://belojardim.pe.leg.br/portal/comissao-de-politicas-publicas-para-a-juventude/#breadcrumb","itemListElement":[{"@type":"ListItem","position":1,"name":"Início","item":"https://belojardim.pe.leg.br/portal/"},{"@type":"ListItem","position":2,"name":"Comissão de Políticas Públicas para a Juventude"}]},{"@type":"WebSite","@id":"https://belojardim.pe.leg.br/portal/#website","url":"https://belojardim.pe.leg.br/portal/","name":"Câmara Municipal de Belo Jardim","description":"Casa Custódio Ferreira Mergulhão","publisher":{"@id":"https://belojardim.pe.leg.br/portal/#organization"},"potentialAction":[{"@type":"SearchAction","target":{"@type":"EntryPoint","urlTemplate":"https://belojardim.pe.leg.br/portal/?s={search_term_string}"},"query-input":{"@type":"PropertyValueSpecification","valueRequired":true,"valueName":"search_term_string"}}],"inLanguage":"pt-BR"},{"@type":"Organization","@id":"https://belojardim.pe.leg.br/portal/#organization","name":"Câmara Municipal de Belo Jardim","url":"https://belojardim.pe.leg.br/portal/","logo":{"@type":"ImageObject","inLanguage":"pt-BR","@id":"https://belojardim.pe.leg.br/portal/#/schema/logo/image/","url":"https://belojardim.pe.leg.br/portal/wp-content/uploads/2025/02/brasao_novo_camara.png","contentUrl":"https://belojardim.pe.leg.br/portal/wp-content/uploads/2025/02/brasao_novo_camara.png","width":7239,"height":1735,"caption":"Câmara Municipal de Belo Jardim"},"image":{"@id":"https://belojardim.pe.leg.br/portal/#/schema/logo/image/"}}]}</script>
<!-- / Yoast SEO plugin. -->

Comissão de Políticas Públicas para a Juventude - Câmara Municipal de Belo Jardim

Regimento Interno Art. 249 – À Comissão de Políticas Públicas para Juventude compete: I- apreciar e emitir parecer de matérias voltadas para a juventude e...

Câmara Municipal de Belo Jardim

Início

Casa Custódio Ferreira Mergulhão
