{"id":3576,"date":"2017-04-08T20:07:58","date_gmt":"2017-04-08T23:07:58","guid":{"rendered":"http:\/\/belojardim.pe.leg.br\/portal\/?page_id=3576"},"modified":"2025-06-09T09:20:11","modified_gmt":"2025-06-09T12:20:11","slug":"comissao-de-saude-e-assistencia-social","status":"publish","type":"page","link":"https:\/\/belojardim.pe.leg.br\/portal\/comissao-de-saude-e-assistencia-social\/","title":{"rendered":"Comiss\u00e3o de Sa\u00fade e Assist\u00eancia Social"},"content":{"rendered":"<p><em>Regimento Interno<\/em><\/p>\n<p><em>Art. 247 &#8211; \u00c0 Comiss\u00e3o de Sa\u00fade e Assist\u00eancia Social compete apreciar mat\u00e9ria relacionada com:<\/em><br \/>\n<em>I &#8211; sa\u00fade p\u00fablica;<\/em><br \/>\n<em>II &#8211; sanitarismo;<\/em><br \/>\n<em>III &#8211; higiene; e<\/em><br \/>\n<em>IV &#8211; assist\u00eancia social.<\/em><\/p>\n<p><strong>Composi\u00e7\u00e3o<\/strong><\/p>\n<p>Presidente: Everaldo Jos\u00e9 da Silva &#8211; REDE\/PSOL<br \/>\nRelator: Adriano Ant\u00f4nio Carlos &#8211; Podemos<br \/>\nMembro: Ademilton dos Santos &#8211; PSB<\/p>\n","protected":false},"excerpt":{"rendered":"<p>Regimento Interno Art. 247 &#8211; \u00c0 Comiss\u00e3o de Sa\u00fade e Assist\u00eancia Social compete apreciar mat\u00e9ria relacionada com: I &#8211; sa\u00fade p\u00fablica; II &#8211; sanitarismo; III&#8230;<\/p>\n","protected":false},"author":1,"featured_media":0,"parent":0,"menu_order":0,"comment_status":"closed","ping_status":"closed","template":"","meta":{"footnotes":""},"class_list":["post-3576","page","type-page","status-publish","hentry"],"yoast_head":"<!-- This site is optimized with the Yoast SEO plugin v25.1 - https:\/\/yoast.com\/wordpress\/plugins\/seo\/ -->\n<title>Comiss\u00e3o de Sa\u00fade e Assist\u00eancia Social - C\u00e2mara Municipal de Belo Jardim<\/title>\n<meta name=\"robots\" content=\"index, follow, max-snippet:-1, max-image-preview:large, max-video-preview:-1\" \/>\n<link rel=\"canonical\" href=\"https:\/\/belojardim.pe.leg.br\/portal\/comissao-de-saude-e-assistencia-social\/\" \/>\n<meta property=\"og:locale\" content=\"pt_BR\" \/>\n<meta property=\"og:type\" content=\"article\" \/>\n<meta property=\"og:title\" content=\"Comiss\u00e3o de Sa\u00fade e Assist\u00eancia Social - C\u00e2mara Municipal de Belo Jardim\" \/>\n<meta property=\"og:description\" content=\"Regimento Interno Art. 247 &#8211; \u00c0 Comiss\u00e3o de Sa\u00fade e Assist\u00eancia Social compete apreciar mat\u00e9ria relacionada com: I &#8211; sa\u00fade p\u00fablica; II &#8211; sanitarismo; III...\" \/>\n<meta property=\"og:url\" content=\"https:\/\/belojardim.pe.leg.br\/portal\/comissao-de-saude-e-assistencia-social\/\" \/>\n<meta property=\"og:site_name\" content=\"C\u00e2mara Municipal de Belo Jardim\" \/>\n<meta property=\"article:modified_time\" content=\"2025-06-09T12:20:11+00:00\" \/>\n<meta name=\"twitter:card\" content=\"summary_large_image\" \/>\n<meta name=\"twitter:label1\" content=\"Est. tempo de leitura\" \/>\n\t<meta name=\"twitter:data1\" content=\"1 minuto\" \/>\n<script type=\"application\/ld+json\" class=\"yoast-schema-graph\">{\"@context\":\"https:\/\/schema.org\",\"@graph\":[{\"@type\":\"WebPage\",\"@id\":\"https:\/\/belojardim.pe.leg.br\/portal\/comissao-de-saude-e-assistencia-social\/\",\"url\":\"https:\/\/belojardim.pe.leg.br\/portal\/comissao-de-saude-e-assistencia-social\/\",\"name\":\"Comiss\u00e3o de Sa\u00fade e Assist\u00eancia Social - C\u00e2mara Municipal de Belo Jardim\",\"isPartOf\":{\"@id\":\"https:\/\/belojardim.pe.leg.br\/portal\/#website\"},\"datePublished\":\"2017-04-08T23:07:58+00:00\",\"dateModified\":\"2025-06-09T12:20:11+00:00\",\"breadcrumb\":{\"@id\":\"https:\/\/belojardim.pe.leg.br\/portal\/comissao-de-saude-e-assistencia-social\/#breadcrumb\"},\"inLanguage\":\"pt-BR\",\"potentialAction\":[{\"@type\":\"ReadAction\",\"target\":[\"https:\/\/belojardim.pe.leg.br\/portal\/comissao-de-saude-e-assistencia-social\/\"]}]},{\"@type\":\"BreadcrumbList\",\"@id\":\"https:\/\/belojardim.pe.leg.br\/portal\/comissao-de-saude-e-assistencia-social\/#breadcrumb\",\"itemListElement\":[{\"@type\":\"ListItem\",\"position\":1,\"name\":\"In\u00edcio\",\"item\":\"https:\/\/belojardim.pe.leg.br\/portal\/\"},{\"@type\":\"ListItem\",\"position\":2,\"name\":\"Comiss\u00e3o de Sa\u00fade e Assist\u00eancia Social\"}]},{\"@type\":\"WebSite\",\"@id\":\"https:\/\/belojardim.pe.leg.br\/portal\/#website\",\"url\":\"https:\/\/belojardim.pe.leg.br\/portal\/\",\"name\":\"C\u00e2mara Municipal de Belo Jardim\",\"description\":\"Casa Cust\u00f3dio Ferreira Mergulh\u00e3o\",\"publisher\":{\"@id\":\"https:\/\/belojardim.pe.leg.br\/portal\/#organization\"},\"potentialAction\":[{\"@type\":\"SearchAction\",\"target\":{\"@type\":\"EntryPoint\",\"urlTemplate\":\"https:\/\/belojardim.pe.leg.br\/portal\/?s={search_term_string}\"},\"query-input\":{\"@type\":\"PropertyValueSpecification\",\"valueRequired\":true,\"valueName\":\"search_term_string\"}}],\"inLanguage\":\"pt-BR\"},{\"@type\":\"Organization\",\"@id\":\"https:\/\/belojardim.pe.leg.br\/portal\/#organization\",\"name\":\"C\u00e2mara Municipal de Belo Jardim\",\"url\":\"https:\/\/belojardim.pe.leg.br\/portal\/\",\"logo\":{\"@type\":\"ImageObject\",\"inLanguage\":\"pt-BR\",\"@id\":\"https:\/\/belojardim.pe.leg.br\/portal\/#\/schema\/logo\/image\/\",\"url\":\"https:\/\/belojardim.pe.leg.br\/portal\/wp-content\/uploads\/2025\/02\/brasao_novo_camara.png\",\"contentUrl\":\"https:\/\/belojardim.pe.leg.br\/portal\/wp-content\/uploads\/2025\/02\/brasao_novo_camara.png\",\"width\":7239,\"height\":1735,\"caption\":\"C\u00e2mara Municipal de Belo Jardim\"},\"image\":{\"@id\":\"https:\/\/belojardim.pe.leg.br\/portal\/#\/schema\/logo\/image\/\"}}]}<\/script>\n<!-- \/ Yoast SEO plugin. -->","yoast_head_json":{"title":"Comiss\u00e3o de Sa\u00fade e Assist\u00eancia Social - C\u00e2mara Municipal de Belo Jardim","robots":{"index":"index","follow":"follow","max-snippet":"max-snippet:-1","max-image-preview":"max-image-preview:large","max-video-preview":"max-video-preview:-1"},"canonical":"https:\/\/belojardim.pe.leg.br\/portal\/comissao-de-saude-e-assistencia-social\/","og_locale":"pt_BR","og_type":"article","og_title":"Comiss\u00e3o de Sa\u00fade e Assist\u00eancia Social - C\u00e2mara Municipal de Belo Jardim","og_description":"Regimento Interno Art. 247 &#8211; \u00c0 Comiss\u00e3o de Sa\u00fade e Assist\u00eancia Social compete apreciar mat\u00e9ria relacionada com: I &#8211; sa\u00fade p\u00fablica; II &#8211; sanitarismo; III...","og_url":"https:\/\/belojardim.pe.leg.br\/portal\/comissao-de-saude-e-assistencia-social\/","og_site_name":"C\u00e2mara Municipal de Belo Jardim","article_modified_time":"2025-06-09T12:20:11+00:00","twitter_card":"summary_large_image","twitter_misc":{"Est. tempo de leitura":"1 minuto"},"schema":{"@context":"https:\/\/schema.org","@graph":[{"@type":"WebPage","@id":"https:\/\/belojardim.pe.leg.br\/portal\/comissao-de-saude-e-assistencia-social\/","url":"https:\/\/belojardim.pe.leg.br\/portal\/comissao-de-saude-e-assistencia-social\/","name":"Comiss\u00e3o de Sa\u00fade e Assist\u00eancia Social - C\u00e2mara Municipal de Belo Jardim","isPartOf":{"@id":"https:\/\/belojardim.pe.leg.br\/portal\/#website"},"datePublished":"2017-04-08T23:07:58+00:00","dateModified":"2025-06-09T12:20:11+00:00","breadcrumb":{"@id":"https:\/\/belojardim.pe.leg.br\/portal\/comissao-de-saude-e-assistencia-social\/#breadcrumb"},"inLanguage":"pt-BR","potentialAction":[{"@type":"ReadAction","target":["https:\/\/belojardim.pe.leg.br\/portal\/comissao-de-saude-e-assistencia-social\/"]}]},{"@type":"BreadcrumbList","@id":"https:\/\/belojardim.pe.leg.br\/portal\/comissao-de-saude-e-assistencia-social\/#breadcrumb","itemListElement":[{"@type":"ListItem","position":1,"name":"In\u00edcio","item":"https:\/\/belojardim.pe.leg.br\/portal\/"},{"@type":"ListItem","position":2,"name":"Comiss\u00e3o de Sa\u00fade e Assist\u00eancia Social"}]},{"@type":"WebSite","@id":"https:\/\/belojardim.pe.leg.br\/portal\/#website","url":"https:\/\/belojardim.pe.leg.br\/portal\/","name":"C\u00e2mara Municipal de Belo Jardim","description":"Casa Cust\u00f3dio Ferreira Mergulh\u00e3o","publisher":{"@id":"https:\/\/belojardim.pe.leg.br\/portal\/#organization"},"potentialAction":[{"@type":"SearchAction","target":{"@type":"EntryPoint","urlTemplate":"https:\/\/belojardim.pe.leg.br\/portal\/?s={search_term_string}"},"query-input":{"@type":"PropertyValueSpecification","valueRequired":true,"valueName":"search_term_string"}}],"inLanguage":"pt-BR"},{"@type":"Organization","@id":"https:\/\/belojardim.pe.leg.br\/portal\/#organization","name":"C\u00e2mara Municipal de Belo Jardim","url":"https:\/\/belojardim.pe.leg.br\/portal\/","logo":{"@type":"ImageObject","inLanguage":"pt-BR","@id":"https:\/\/belojardim.pe.leg.br\/portal\/#\/schema\/logo\/image\/","url":"https:\/\/belojardim.pe.leg.br\/portal\/wp-content\/uploads\/2025\/02\/brasao_novo_camara.png","contentUrl":"https:\/\/belojardim.pe.leg.br\/portal\/wp-content\/uploads\/2025\/02\/brasao_novo_camara.png","width":7239,"height":1735,"caption":"C\u00e2mara Municipal de Belo Jardim"},"image":{"@id":"https:\/\/belojardim.pe.leg.br\/portal\/#\/schema\/logo\/image\/"}}]}},"_links":{"self":[{"href":"https:\/\/belojardim.pe.leg.br\/portal\/wp-json\/wp\/v2\/pages\/3576","targetHints":{"allow":["GET"]}}],"collection":[{"href":"https:\/\/belojardim.pe.leg.br\/portal\/wp-json\/wp\/v2\/pages"}],"about":[{"href":"https:\/\/belojardim.pe.leg.br\/portal\/wp-json\/wp\/v2\/types\/page"}],"author":[{"embeddable":true,"href":"https:\/\/belojardim.pe.leg.br\/portal\/wp-json\/wp\/v2\/users\/1"}],"replies":[{"embeddable":true,"href":"https:\/\/belojardim.pe.leg.br\/portal\/wp-json\/wp\/v2\/comments?post=3576"}],"version-history":[{"count":8,"href":"https:\/\/belojardim.pe.leg.br\/portal\/wp-json\/wp\/v2\/pages\/3576\/revisions"}],"predecessor-version":[{"id":15211,"href":"https:\/\/belojardim.pe.leg.br\/portal\/wp-json\/wp\/v2\/pages\/3576\/revisions\/15211"}],"wp:attachment":[{"href":"https:\/\/belojardim.pe.leg.br\/portal\/wp-json\/wp\/v2\/media?parent=3576"}],"curies":[{"name":"wp","href":"https:\/\/api.w.org\/{rel}","templated":true}]}}

Comissão de Saúde e Assistência Social

<p><em>Regimento Interno</em></p>
<p><em>Art. 247 &#8211; À Comissão de Saúde e Assistência Social compete apreciar matéria relacionada com:</em><br />
<em>I &#8211; saúde pública;</em><br />
<em>II &#8211; sanitarismo;</em><br />
<em>III &#8211; higiene; e</em><br />
<em>IV &#8211; assistência social.</em></p>
<p><strong>Composição</strong></p>
<p>Presidente: Everaldo José da Silva &#8211; REDE/PSOL<br />
Relator: Adriano Antônio Carlos &#8211; Podemos<br />
Membro: Ademilton dos Santos &#8211; PSB</p>

<p>Regimento Interno Art. 247 &#8211; À Comissão de Saúde e Assistência Social compete apreciar matéria relacionada com: I &#8211; saúde pública; II &#8211; sanitarismo; III&#8230;</p>

<!-- This site is optimized with the Yoast SEO plugin v25.1 - https://yoast.com/wordpress/plugins/seo/ -->
<title>Comissão de Saúde e Assistência Social - Câmara Municipal de Belo Jardim</title>
<meta name="robots" content="index, follow, max-snippet:-1, max-image-preview:large, max-video-preview:-1" />
<link rel="canonical" href="https://belojardim.pe.leg.br/portal/comissao-de-saude-e-assistencia-social/" />
<meta property="og:locale" content="pt_BR" />
<meta property="og:type" content="article" />
<meta property="og:title" content="Comissão de Saúde e Assistência Social - Câmara Municipal de Belo Jardim" />
<meta property="og:description" content="Regimento Interno Art. 247 &#8211; À Comissão de Saúde e Assistência Social compete apreciar matéria relacionada com: I &#8211; saúde pública; II &#8211; sanitarismo; III..." />
<meta property="og:url" content="https://belojardim.pe.leg.br/portal/comissao-de-saude-e-assistencia-social/" />
<meta property="og:site_name" content="Câmara Municipal de Belo Jardim" />
<meta property="article:modified_time" content="2025-06-09T12:20:11+00:00" />
<meta name="twitter:card" content="summary_large_image" />
<meta name="twitter:label1" content="Est. tempo de leitura" />
	<meta name="twitter:data1" content="1 minuto" />
<script type="application/ld+json" class="yoast-schema-graph">{"@context":"https://schema.org","@graph":[{"@type":"WebPage","@id":"https://belojardim.pe.leg.br/portal/comissao-de-saude-e-assistencia-social/","url":"https://belojardim.pe.leg.br/portal/comissao-de-saude-e-assistencia-social/","name":"Comissão de Saúde e Assistência Social - Câmara Municipal de Belo Jardim","isPartOf":{"@id":"https://belojardim.pe.leg.br/portal/#website"},"datePublished":"2017-04-08T23:07:58+00:00","dateModified":"2025-06-09T12:20:11+00:00","breadcrumb":{"@id":"https://belojardim.pe.leg.br/portal/comissao-de-saude-e-assistencia-social/#breadcrumb"},"inLanguage":"pt-BR","potentialAction":[{"@type":"ReadAction","target":["https://belojardim.pe.leg.br/portal/comissao-de-saude-e-assistencia-social/"]}]},{"@type":"BreadcrumbList","@id":"https://belojardim.pe.leg.br/portal/comissao-de-saude-e-assistencia-social/#breadcrumb","itemListElement":[{"@type":"ListItem","position":1,"name":"Início","item":"https://belojardim.pe.leg.br/portal/"},{"@type":"ListItem","position":2,"name":"Comissão de Saúde e Assistência Social"}]},{"@type":"WebSite","@id":"https://belojardim.pe.leg.br/portal/#website","url":"https://belojardim.pe.leg.br/portal/","name":"Câmara Municipal de Belo Jardim","description":"Casa Custódio Ferreira Mergulhão","publisher":{"@id":"https://belojardim.pe.leg.br/portal/#organization"},"potentialAction":[{"@type":"SearchAction","target":{"@type":"EntryPoint","urlTemplate":"https://belojardim.pe.leg.br/portal/?s={search_term_string}"},"query-input":{"@type":"PropertyValueSpecification","valueRequired":true,"valueName":"search_term_string"}}],"inLanguage":"pt-BR"},{"@type":"Organization","@id":"https://belojardim.pe.leg.br/portal/#organization","name":"Câmara Municipal de Belo Jardim","url":"https://belojardim.pe.leg.br/portal/","logo":{"@type":"ImageObject","inLanguage":"pt-BR","@id":"https://belojardim.pe.leg.br/portal/#/schema/logo/image/","url":"https://belojardim.pe.leg.br/portal/wp-content/uploads/2025/02/brasao_novo_camara.png","contentUrl":"https://belojardim.pe.leg.br/portal/wp-content/uploads/2025/02/brasao_novo_camara.png","width":7239,"height":1735,"caption":"Câmara Municipal de Belo Jardim"},"image":{"@id":"https://belojardim.pe.leg.br/portal/#/schema/logo/image/"}}]}</script>
<!-- / Yoast SEO plugin. -->

Comissão de Saúde e Assistência Social - Câmara Municipal de Belo Jardim

Regimento Interno Art. 247 &#8211; À Comissão de Saúde e Assistência Social compete apreciar matéria relacionada com: I &#8211; saúde pública; II &#8211; sanitarismo; III...

Câmara Municipal de Belo Jardim

Início

Casa Custódio Ferreira Mergulhão
