{"id":3571,"date":"2017-04-08T20:00:35","date_gmt":"2017-04-08T23:00:35","guid":{"rendered":"http:\/\/belojardim.pe.leg.br\/portal\/?page_id=3571"},"modified":"2025-06-09T09:15:39","modified_gmt":"2025-06-09T12:15:39","slug":"comissao-de-obras-urbanismo-e-meio-ambiente","status":"publish","type":"page","link":"https:\/\/belojardim.pe.leg.br\/portal\/comissao-de-obras-urbanismo-e-meio-ambiente\/","title":{"rendered":"Comiss\u00e3o de Obras, Urbanismo e Meio Ambiente"},"content":{"rendered":"<p><em>Regimento Interno<\/em><\/p>\n<p><em>Art. 245 &#8211; Compete \u00e0 Comiss\u00e3o de Obras, Urbanismo e Meio Ambiente apreciar mat\u00e9ria que diga respeito a:<\/em><br \/>\n<em>I- obras e servi\u00e7os p\u00fablicos em geral;<\/em><br \/>\n<em>II- urbanismo;<\/em><br \/>\n<em>III- comunica\u00e7\u00f5es e transporte;<\/em><br \/>\n<em>IV- servi\u00e7os industrializados;<\/em><br \/>\n<em>V- engenharia;<\/em><br \/>\n<em>VI- aferi\u00e7\u00e3o de pesos e medidas;<\/em><br \/>\n<em>VII- assuntos relacionados ao Meio Ambiente;<\/em><br \/>\n<em>VIII- abastecimento;<\/em><br \/>\n<em>IX- posturas municipais;<\/em><br \/>\n<em>X- tr\u00e1fego e circula\u00e7\u00e3o de ve\u00edculos; e<\/em><br \/>\n<em>XI- poder de pol\u00edcia.<\/em><\/p>\n<p><strong>Composi\u00e7\u00e3o<\/strong><\/p>\n<p>Presidente: Adriano Ant\u00f4nio Carlos &#8211; Podemos<br \/>\nRelator: Rui Nunes de Souza &#8211; PSDB<br \/>\nMembro: Elias Henrique dos Santos &#8211; Republicanos<\/p>\n","protected":false},"excerpt":{"rendered":"<p>Regimento Interno Art. 245 &#8211; Compete \u00e0 Comiss\u00e3o de Obras, Urbanismo e Meio Ambiente apreciar mat\u00e9ria que diga respeito a: I- obras e servi\u00e7os p\u00fablicos&#8230;<\/p>\n","protected":false},"author":1,"featured_media":0,"parent":0,"menu_order":0,"comment_status":"closed","ping_status":"closed","template":"","meta":{"footnotes":""},"class_list":["post-3571","page","type-page","status-publish","hentry"],"yoast_head":"<!-- This site is optimized with the Yoast SEO plugin v25.1 - https:\/\/yoast.com\/wordpress\/plugins\/seo\/ -->\n<title>Comiss\u00e3o de Obras, Urbanismo e Meio Ambiente - C\u00e2mara Municipal de Belo Jardim<\/title>\n<meta name=\"robots\" content=\"index, follow, max-snippet:-1, max-image-preview:large, max-video-preview:-1\" \/>\n<link rel=\"canonical\" href=\"https:\/\/belojardim.pe.leg.br\/portal\/comissao-de-obras-urbanismo-e-meio-ambiente\/\" \/>\n<meta property=\"og:locale\" content=\"pt_BR\" \/>\n<meta property=\"og:type\" content=\"article\" \/>\n<meta property=\"og:title\" content=\"Comiss\u00e3o de Obras, Urbanismo e Meio Ambiente - C\u00e2mara Municipal de Belo Jardim\" \/>\n<meta property=\"og:description\" content=\"Regimento Interno Art. 245 &#8211; Compete \u00e0 Comiss\u00e3o de Obras, Urbanismo e Meio Ambiente apreciar mat\u00e9ria que diga respeito a: I- obras e servi\u00e7os p\u00fablicos...\" \/>\n<meta property=\"og:url\" content=\"https:\/\/belojardim.pe.leg.br\/portal\/comissao-de-obras-urbanismo-e-meio-ambiente\/\" \/>\n<meta property=\"og:site_name\" content=\"C\u00e2mara Municipal de Belo Jardim\" \/>\n<meta property=\"article:modified_time\" content=\"2025-06-09T12:15:39+00:00\" \/>\n<meta name=\"twitter:card\" content=\"summary_large_image\" \/>\n<meta name=\"twitter:label1\" content=\"Est. tempo de leitura\" \/>\n\t<meta name=\"twitter:data1\" content=\"1 minuto\" \/>\n<script type=\"application\/ld+json\" class=\"yoast-schema-graph\">{\"@context\":\"https:\/\/schema.org\",\"@graph\":[{\"@type\":\"WebPage\",\"@id\":\"https:\/\/belojardim.pe.leg.br\/portal\/comissao-de-obras-urbanismo-e-meio-ambiente\/\",\"url\":\"https:\/\/belojardim.pe.leg.br\/portal\/comissao-de-obras-urbanismo-e-meio-ambiente\/\",\"name\":\"Comiss\u00e3o de Obras, Urbanismo e Meio Ambiente - C\u00e2mara Municipal de Belo Jardim\",\"isPartOf\":{\"@id\":\"https:\/\/belojardim.pe.leg.br\/portal\/#website\"},\"datePublished\":\"2017-04-08T23:00:35+00:00\",\"dateModified\":\"2025-06-09T12:15:39+00:00\",\"breadcrumb\":{\"@id\":\"https:\/\/belojardim.pe.leg.br\/portal\/comissao-de-obras-urbanismo-e-meio-ambiente\/#breadcrumb\"},\"inLanguage\":\"pt-BR\",\"potentialAction\":[{\"@type\":\"ReadAction\",\"target\":[\"https:\/\/belojardim.pe.leg.br\/portal\/comissao-de-obras-urbanismo-e-meio-ambiente\/\"]}]},{\"@type\":\"BreadcrumbList\",\"@id\":\"https:\/\/belojardim.pe.leg.br\/portal\/comissao-de-obras-urbanismo-e-meio-ambiente\/#breadcrumb\",\"itemListElement\":[{\"@type\":\"ListItem\",\"position\":1,\"name\":\"In\u00edcio\",\"item\":\"https:\/\/belojardim.pe.leg.br\/portal\/\"},{\"@type\":\"ListItem\",\"position\":2,\"name\":\"Comiss\u00e3o de Obras, Urbanismo e Meio Ambiente\"}]},{\"@type\":\"WebSite\",\"@id\":\"https:\/\/belojardim.pe.leg.br\/portal\/#website\",\"url\":\"https:\/\/belojardim.pe.leg.br\/portal\/\",\"name\":\"C\u00e2mara Municipal de Belo Jardim\",\"description\":\"Casa Cust\u00f3dio Ferreira Mergulh\u00e3o\",\"publisher\":{\"@id\":\"https:\/\/belojardim.pe.leg.br\/portal\/#organization\"},\"potentialAction\":[{\"@type\":\"SearchAction\",\"target\":{\"@type\":\"EntryPoint\",\"urlTemplate\":\"https:\/\/belojardim.pe.leg.br\/portal\/?s={search_term_string}\"},\"query-input\":{\"@type\":\"PropertyValueSpecification\",\"valueRequired\":true,\"valueName\":\"search_term_string\"}}],\"inLanguage\":\"pt-BR\"},{\"@type\":\"Organization\",\"@id\":\"https:\/\/belojardim.pe.leg.br\/portal\/#organization\",\"name\":\"C\u00e2mara Municipal de Belo Jardim\",\"url\":\"https:\/\/belojardim.pe.leg.br\/portal\/\",\"logo\":{\"@type\":\"ImageObject\",\"inLanguage\":\"pt-BR\",\"@id\":\"https:\/\/belojardim.pe.leg.br\/portal\/#\/schema\/logo\/image\/\",\"url\":\"https:\/\/belojardim.pe.leg.br\/portal\/wp-content\/uploads\/2025\/02\/brasao_novo_camara.png\",\"contentUrl\":\"https:\/\/belojardim.pe.leg.br\/portal\/wp-content\/uploads\/2025\/02\/brasao_novo_camara.png\",\"width\":7239,\"height\":1735,\"caption\":\"C\u00e2mara Municipal de Belo Jardim\"},\"image\":{\"@id\":\"https:\/\/belojardim.pe.leg.br\/portal\/#\/schema\/logo\/image\/\"}}]}<\/script>\n<!-- \/ Yoast SEO plugin. -->","yoast_head_json":{"title":"Comiss\u00e3o de Obras, Urbanismo e Meio Ambiente - C\u00e2mara Municipal de Belo Jardim","robots":{"index":"index","follow":"follow","max-snippet":"max-snippet:-1","max-image-preview":"max-image-preview:large","max-video-preview":"max-video-preview:-1"},"canonical":"https:\/\/belojardim.pe.leg.br\/portal\/comissao-de-obras-urbanismo-e-meio-ambiente\/","og_locale":"pt_BR","og_type":"article","og_title":"Comiss\u00e3o de Obras, Urbanismo e Meio Ambiente - C\u00e2mara Municipal de Belo Jardim","og_description":"Regimento Interno Art. 245 &#8211; Compete \u00e0 Comiss\u00e3o de Obras, Urbanismo e Meio Ambiente apreciar mat\u00e9ria que diga respeito a: I- obras e servi\u00e7os p\u00fablicos...","og_url":"https:\/\/belojardim.pe.leg.br\/portal\/comissao-de-obras-urbanismo-e-meio-ambiente\/","og_site_name":"C\u00e2mara Municipal de Belo Jardim","article_modified_time":"2025-06-09T12:15:39+00:00","twitter_card":"summary_large_image","twitter_misc":{"Est. tempo de leitura":"1 minuto"},"schema":{"@context":"https:\/\/schema.org","@graph":[{"@type":"WebPage","@id":"https:\/\/belojardim.pe.leg.br\/portal\/comissao-de-obras-urbanismo-e-meio-ambiente\/","url":"https:\/\/belojardim.pe.leg.br\/portal\/comissao-de-obras-urbanismo-e-meio-ambiente\/","name":"Comiss\u00e3o de Obras, Urbanismo e Meio Ambiente - C\u00e2mara Municipal de Belo Jardim","isPartOf":{"@id":"https:\/\/belojardim.pe.leg.br\/portal\/#website"},"datePublished":"2017-04-08T23:00:35+00:00","dateModified":"2025-06-09T12:15:39+00:00","breadcrumb":{"@id":"https:\/\/belojardim.pe.leg.br\/portal\/comissao-de-obras-urbanismo-e-meio-ambiente\/#breadcrumb"},"inLanguage":"pt-BR","potentialAction":[{"@type":"ReadAction","target":["https:\/\/belojardim.pe.leg.br\/portal\/comissao-de-obras-urbanismo-e-meio-ambiente\/"]}]},{"@type":"BreadcrumbList","@id":"https:\/\/belojardim.pe.leg.br\/portal\/comissao-de-obras-urbanismo-e-meio-ambiente\/#breadcrumb","itemListElement":[{"@type":"ListItem","position":1,"name":"In\u00edcio","item":"https:\/\/belojardim.pe.leg.br\/portal\/"},{"@type":"ListItem","position":2,"name":"Comiss\u00e3o de Obras, Urbanismo e Meio Ambiente"}]},{"@type":"WebSite","@id":"https:\/\/belojardim.pe.leg.br\/portal\/#website","url":"https:\/\/belojardim.pe.leg.br\/portal\/","name":"C\u00e2mara Municipal de Belo Jardim","description":"Casa Cust\u00f3dio Ferreira Mergulh\u00e3o","publisher":{"@id":"https:\/\/belojardim.pe.leg.br\/portal\/#organization"},"potentialAction":[{"@type":"SearchAction","target":{"@type":"EntryPoint","urlTemplate":"https:\/\/belojardim.pe.leg.br\/portal\/?s={search_term_string}"},"query-input":{"@type":"PropertyValueSpecification","valueRequired":true,"valueName":"search_term_string"}}],"inLanguage":"pt-BR"},{"@type":"Organization","@id":"https:\/\/belojardim.pe.leg.br\/portal\/#organization","name":"C\u00e2mara Municipal de Belo Jardim","url":"https:\/\/belojardim.pe.leg.br\/portal\/","logo":{"@type":"ImageObject","inLanguage":"pt-BR","@id":"https:\/\/belojardim.pe.leg.br\/portal\/#\/schema\/logo\/image\/","url":"https:\/\/belojardim.pe.leg.br\/portal\/wp-content\/uploads\/2025\/02\/brasao_novo_camara.png","contentUrl":"https:\/\/belojardim.pe.leg.br\/portal\/wp-content\/uploads\/2025\/02\/brasao_novo_camara.png","width":7239,"height":1735,"caption":"C\u00e2mara Municipal de Belo Jardim"},"image":{"@id":"https:\/\/belojardim.pe.leg.br\/portal\/#\/schema\/logo\/image\/"}}]}},"_links":{"self":[{"href":"https:\/\/belojardim.pe.leg.br\/portal\/wp-json\/wp\/v2\/pages\/3571","targetHints":{"allow":["GET"]}}],"collection":[{"href":"https:\/\/belojardim.pe.leg.br\/portal\/wp-json\/wp\/v2\/pages"}],"about":[{"href":"https:\/\/belojardim.pe.leg.br\/portal\/wp-json\/wp\/v2\/types\/page"}],"author":[{"embeddable":true,"href":"https:\/\/belojardim.pe.leg.br\/portal\/wp-json\/wp\/v2\/users\/1"}],"replies":[{"embeddable":true,"href":"https:\/\/belojardim.pe.leg.br\/portal\/wp-json\/wp\/v2\/comments?post=3571"}],"version-history":[{"count":6,"href":"https:\/\/belojardim.pe.leg.br\/portal\/wp-json\/wp\/v2\/pages\/3571\/revisions"}],"predecessor-version":[{"id":15206,"href":"https:\/\/belojardim.pe.leg.br\/portal\/wp-json\/wp\/v2\/pages\/3571\/revisions\/15206"}],"wp:attachment":[{"href":"https:\/\/belojardim.pe.leg.br\/portal\/wp-json\/wp\/v2\/media?parent=3571"}],"curies":[{"name":"wp","href":"https:\/\/api.w.org\/{rel}","templated":true}]}}

Comissão de Obras, Urbanismo e Meio Ambiente

<p><em>Regimento Interno</em></p>
<p><em>Art. 245 &#8211; Compete à Comissão de Obras, Urbanismo e Meio Ambiente apreciar matéria que diga respeito a:</em><br />
<em>I- obras e serviços públicos em geral;</em><br />
<em>II- urbanismo;</em><br />
<em>III- comunicações e transporte;</em><br />
<em>IV- serviços industrializados;</em><br />
<em>V- engenharia;</em><br />
<em>VI- aferição de pesos e medidas;</em><br />
<em>VII- assuntos relacionados ao Meio Ambiente;</em><br />
<em>VIII- abastecimento;</em><br />
<em>IX- posturas municipais;</em><br />
<em>X- tráfego e circulação de veículos; e</em><br />
<em>XI- poder de polícia.</em></p>
<p><strong>Composição</strong></p>
<p>Presidente: Adriano Antônio Carlos &#8211; Podemos<br />
Relator: Rui Nunes de Souza &#8211; PSDB<br />
Membro: Elias Henrique dos Santos &#8211; Republicanos</p>

<p>Regimento Interno Art. 245 &#8211; Compete à Comissão de Obras, Urbanismo e Meio Ambiente apreciar matéria que diga respeito a: I- obras e serviços públicos&#8230;</p>

<!-- This site is optimized with the Yoast SEO plugin v25.1 - https://yoast.com/wordpress/plugins/seo/ -->
<title>Comissão de Obras, Urbanismo e Meio Ambiente - Câmara Municipal de Belo Jardim</title>
<meta name="robots" content="index, follow, max-snippet:-1, max-image-preview:large, max-video-preview:-1" />
<link rel="canonical" href="https://belojardim.pe.leg.br/portal/comissao-de-obras-urbanismo-e-meio-ambiente/" />
<meta property="og:locale" content="pt_BR" />
<meta property="og:type" content="article" />
<meta property="og:title" content="Comissão de Obras, Urbanismo e Meio Ambiente - Câmara Municipal de Belo Jardim" />
<meta property="og:description" content="Regimento Interno Art. 245 &#8211; Compete à Comissão de Obras, Urbanismo e Meio Ambiente apreciar matéria que diga respeito a: I- obras e serviços públicos..." />
<meta property="og:url" content="https://belojardim.pe.leg.br/portal/comissao-de-obras-urbanismo-e-meio-ambiente/" />
<meta property="og:site_name" content="Câmara Municipal de Belo Jardim" />
<meta property="article:modified_time" content="2025-06-09T12:15:39+00:00" />
<meta name="twitter:card" content="summary_large_image" />
<meta name="twitter:label1" content="Est. tempo de leitura" />
	<meta name="twitter:data1" content="1 minuto" />
<script type="application/ld+json" class="yoast-schema-graph">{"@context":"https://schema.org","@graph":[{"@type":"WebPage","@id":"https://belojardim.pe.leg.br/portal/comissao-de-obras-urbanismo-e-meio-ambiente/","url":"https://belojardim.pe.leg.br/portal/comissao-de-obras-urbanismo-e-meio-ambiente/","name":"Comissão de Obras, Urbanismo e Meio Ambiente - Câmara Municipal de Belo Jardim","isPartOf":{"@id":"https://belojardim.pe.leg.br/portal/#website"},"datePublished":"2017-04-08T23:00:35+00:00","dateModified":"2025-06-09T12:15:39+00:00","breadcrumb":{"@id":"https://belojardim.pe.leg.br/portal/comissao-de-obras-urbanismo-e-meio-ambiente/#breadcrumb"},"inLanguage":"pt-BR","potentialAction":[{"@type":"ReadAction","target":["https://belojardim.pe.leg.br/portal/comissao-de-obras-urbanismo-e-meio-ambiente/"]}]},{"@type":"BreadcrumbList","@id":"https://belojardim.pe.leg.br/portal/comissao-de-obras-urbanismo-e-meio-ambiente/#breadcrumb","itemListElement":[{"@type":"ListItem","position":1,"name":"Início","item":"https://belojardim.pe.leg.br/portal/"},{"@type":"ListItem","position":2,"name":"Comissão de Obras, Urbanismo e Meio Ambiente"}]},{"@type":"WebSite","@id":"https://belojardim.pe.leg.br/portal/#website","url":"https://belojardim.pe.leg.br/portal/","name":"Câmara Municipal de Belo Jardim","description":"Casa Custódio Ferreira Mergulhão","publisher":{"@id":"https://belojardim.pe.leg.br/portal/#organization"},"potentialAction":[{"@type":"SearchAction","target":{"@type":"EntryPoint","urlTemplate":"https://belojardim.pe.leg.br/portal/?s={search_term_string}"},"query-input":{"@type":"PropertyValueSpecification","valueRequired":true,"valueName":"search_term_string"}}],"inLanguage":"pt-BR"},{"@type":"Organization","@id":"https://belojardim.pe.leg.br/portal/#organization","name":"Câmara Municipal de Belo Jardim","url":"https://belojardim.pe.leg.br/portal/","logo":{"@type":"ImageObject","inLanguage":"pt-BR","@id":"https://belojardim.pe.leg.br/portal/#/schema/logo/image/","url":"https://belojardim.pe.leg.br/portal/wp-content/uploads/2025/02/brasao_novo_camara.png","contentUrl":"https://belojardim.pe.leg.br/portal/wp-content/uploads/2025/02/brasao_novo_camara.png","width":7239,"height":1735,"caption":"Câmara Municipal de Belo Jardim"},"image":{"@id":"https://belojardim.pe.leg.br/portal/#/schema/logo/image/"}}]}</script>
<!-- / Yoast SEO plugin. -->

Comissão de Obras, Urbanismo e Meio Ambiente - Câmara Municipal de Belo Jardim

Regimento Interno Art. 245 &#8211; Compete à Comissão de Obras, Urbanismo e Meio Ambiente apreciar matéria que diga respeito a: I- obras e serviços públicos...

Câmara Municipal de Belo Jardim

Início

Casa Custódio Ferreira Mergulhão
