{"id":3566,"date":"2017-04-08T19:55:23","date_gmt":"2017-04-08T22:55:23","guid":{"rendered":"http:\/\/belojardim.pe.leg.br\/portal\/?page_id=3566"},"modified":"2025-06-09T09:11:01","modified_gmt":"2025-06-09T12:11:01","slug":"comissao-de-legislacao-e-redacao-de-leis","status":"publish","type":"page","link":"https:\/\/belojardim.pe.leg.br\/portal\/comissao-de-legislacao-e-redacao-de-leis\/","title":{"rendered":"Comiss\u00e3o de Legisla\u00e7\u00e3o e Reda\u00e7\u00e3o de Leis"},"content":{"rendered":"<p><em>Regimento Interno<\/em><\/p>\n<p><em>Art. 244 &#8211; \u00c0 Comiss\u00e3o de Legisla\u00e7\u00e3o e Reda\u00e7\u00e3o de Leis compete a aprecia\u00e7\u00e3o de mat\u00e9rias atinentes a:<\/em><br \/>\n<em>I- verificar a adequa\u00e7\u00e3o da propositura ao processo legislativo;<\/em><br \/>\n<em>II- interpreta\u00e7\u00e3o e aplica\u00e7\u00e3o de leis;<\/em><br \/>\n<em>III- concess\u00e3o de privil\u00e9gios e explora\u00e7\u00e3o de servi\u00e7os p\u00fablicos;<\/em><br \/>\n<em>IV- aquisi\u00e7\u00e3o de bens, aceita\u00e7\u00e3o de doa\u00e7\u00e3o, heran\u00e7as e legados e sua publica\u00e7\u00e3o;<\/em><br \/>\n<em>V- cria\u00e7\u00e3o, extin\u00e7\u00e3o e altera\u00e7\u00e3o de servi\u00e7os da administra\u00e7\u00e3o;<\/em><br \/>\n<em>VI- desapropria\u00e7\u00f5es, permutas, altera\u00e7\u00f5es e aquisi\u00e7\u00e3o de bens;<\/em><br \/>\n<em>VII- com\u00e9rcio, ind\u00fastria e agricultura; e<\/em><br \/>\n<em>VIII- redigir em definitivo os projetos de lei, de resolu\u00e7\u00e3o e de decreto legislativo aprovados pela C\u00e2mara, podendo, se necess\u00e1rio, introduzir modifica\u00e7\u00f5es sint\u00e1ticas, desde que n\u00e3o alterem o sentido da proposi\u00e7\u00e3o aprovada.<\/em><\/p>\n<p><strong>Composi\u00e7\u00e3o<\/strong><\/p>\n<p>Presidente: Daniel da Silva Lopes &#8211; Uni\u00e3o Brasil<br \/>\nRelator: Fabr\u00edcio Lima Lino &#8211; PSDB<br \/>\nMembro: Euno Andrade da Silva Filho<\/p>\n","protected":false},"excerpt":{"rendered":"<p>Regimento Interno Art. 244 &#8211; \u00c0 Comiss\u00e3o de Legisla\u00e7\u00e3o e Reda\u00e7\u00e3o de Leis compete a aprecia\u00e7\u00e3o de mat\u00e9rias atinentes a: I- verificar a adequa\u00e7\u00e3o da&#8230;<\/p>\n","protected":false},"author":1,"featured_media":0,"parent":0,"menu_order":0,"comment_status":"closed","ping_status":"closed","template":"","meta":{"footnotes":""},"class_list":["post-3566","page","type-page","status-publish","hentry"],"yoast_head":"<!-- This site is optimized with the Yoast SEO plugin v25.1 - https:\/\/yoast.com\/wordpress\/plugins\/seo\/ -->\n<title>Comiss\u00e3o de Legisla\u00e7\u00e3o e Reda\u00e7\u00e3o de Leis - C\u00e2mara Municipal de Belo Jardim<\/title>\n<meta name=\"robots\" content=\"index, follow, max-snippet:-1, max-image-preview:large, max-video-preview:-1\" \/>\n<link rel=\"canonical\" href=\"https:\/\/belojardim.pe.leg.br\/portal\/comissao-de-legislacao-e-redacao-de-leis\/\" \/>\n<meta property=\"og:locale\" content=\"pt_BR\" \/>\n<meta property=\"og:type\" content=\"article\" \/>\n<meta property=\"og:title\" content=\"Comiss\u00e3o de Legisla\u00e7\u00e3o e Reda\u00e7\u00e3o de Leis - C\u00e2mara Municipal de Belo Jardim\" \/>\n<meta property=\"og:description\" content=\"Regimento Interno Art. 244 &#8211; \u00c0 Comiss\u00e3o de Legisla\u00e7\u00e3o e Reda\u00e7\u00e3o de Leis compete a aprecia\u00e7\u00e3o de mat\u00e9rias atinentes a: I- verificar a adequa\u00e7\u00e3o da...\" \/>\n<meta property=\"og:url\" content=\"https:\/\/belojardim.pe.leg.br\/portal\/comissao-de-legislacao-e-redacao-de-leis\/\" \/>\n<meta property=\"og:site_name\" content=\"C\u00e2mara Municipal de Belo Jardim\" \/>\n<meta property=\"article:modified_time\" content=\"2025-06-09T12:11:01+00:00\" \/>\n<meta name=\"twitter:card\" content=\"summary_large_image\" \/>\n<meta name=\"twitter:label1\" content=\"Est. tempo de leitura\" \/>\n\t<meta name=\"twitter:data1\" content=\"1 minuto\" \/>\n<script type=\"application\/ld+json\" class=\"yoast-schema-graph\">{\"@context\":\"https:\/\/schema.org\",\"@graph\":[{\"@type\":\"WebPage\",\"@id\":\"https:\/\/belojardim.pe.leg.br\/portal\/comissao-de-legislacao-e-redacao-de-leis\/\",\"url\":\"https:\/\/belojardim.pe.leg.br\/portal\/comissao-de-legislacao-e-redacao-de-leis\/\",\"name\":\"Comiss\u00e3o de Legisla\u00e7\u00e3o e Reda\u00e7\u00e3o de Leis - C\u00e2mara Municipal de Belo Jardim\",\"isPartOf\":{\"@id\":\"https:\/\/belojardim.pe.leg.br\/portal\/#website\"},\"datePublished\":\"2017-04-08T22:55:23+00:00\",\"dateModified\":\"2025-06-09T12:11:01+00:00\",\"breadcrumb\":{\"@id\":\"https:\/\/belojardim.pe.leg.br\/portal\/comissao-de-legislacao-e-redacao-de-leis\/#breadcrumb\"},\"inLanguage\":\"pt-BR\",\"potentialAction\":[{\"@type\":\"ReadAction\",\"target\":[\"https:\/\/belojardim.pe.leg.br\/portal\/comissao-de-legislacao-e-redacao-de-leis\/\"]}]},{\"@type\":\"BreadcrumbList\",\"@id\":\"https:\/\/belojardim.pe.leg.br\/portal\/comissao-de-legislacao-e-redacao-de-leis\/#breadcrumb\",\"itemListElement\":[{\"@type\":\"ListItem\",\"position\":1,\"name\":\"In\u00edcio\",\"item\":\"https:\/\/belojardim.pe.leg.br\/portal\/\"},{\"@type\":\"ListItem\",\"position\":2,\"name\":\"Comiss\u00e3o de Legisla\u00e7\u00e3o e Reda\u00e7\u00e3o de Leis\"}]},{\"@type\":\"WebSite\",\"@id\":\"https:\/\/belojardim.pe.leg.br\/portal\/#website\",\"url\":\"https:\/\/belojardim.pe.leg.br\/portal\/\",\"name\":\"C\u00e2mara Municipal de Belo Jardim\",\"description\":\"Casa Cust\u00f3dio Ferreira Mergulh\u00e3o\",\"publisher\":{\"@id\":\"https:\/\/belojardim.pe.leg.br\/portal\/#organization\"},\"potentialAction\":[{\"@type\":\"SearchAction\",\"target\":{\"@type\":\"EntryPoint\",\"urlTemplate\":\"https:\/\/belojardim.pe.leg.br\/portal\/?s={search_term_string}\"},\"query-input\":{\"@type\":\"PropertyValueSpecification\",\"valueRequired\":true,\"valueName\":\"search_term_string\"}}],\"inLanguage\":\"pt-BR\"},{\"@type\":\"Organization\",\"@id\":\"https:\/\/belojardim.pe.leg.br\/portal\/#organization\",\"name\":\"C\u00e2mara Municipal de Belo Jardim\",\"url\":\"https:\/\/belojardim.pe.leg.br\/portal\/\",\"logo\":{\"@type\":\"ImageObject\",\"inLanguage\":\"pt-BR\",\"@id\":\"https:\/\/belojardim.pe.leg.br\/portal\/#\/schema\/logo\/image\/\",\"url\":\"https:\/\/belojardim.pe.leg.br\/portal\/wp-content\/uploads\/2025\/02\/brasao_novo_camara.png\",\"contentUrl\":\"https:\/\/belojardim.pe.leg.br\/portal\/wp-content\/uploads\/2025\/02\/brasao_novo_camara.png\",\"width\":7239,\"height\":1735,\"caption\":\"C\u00e2mara Municipal de Belo Jardim\"},\"image\":{\"@id\":\"https:\/\/belojardim.pe.leg.br\/portal\/#\/schema\/logo\/image\/\"}}]}<\/script>\n<!-- \/ Yoast SEO plugin. -->","yoast_head_json":{"title":"Comiss\u00e3o de Legisla\u00e7\u00e3o e Reda\u00e7\u00e3o de Leis - C\u00e2mara Municipal de Belo Jardim","robots":{"index":"index","follow":"follow","max-snippet":"max-snippet:-1","max-image-preview":"max-image-preview:large","max-video-preview":"max-video-preview:-1"},"canonical":"https:\/\/belojardim.pe.leg.br\/portal\/comissao-de-legislacao-e-redacao-de-leis\/","og_locale":"pt_BR","og_type":"article","og_title":"Comiss\u00e3o de Legisla\u00e7\u00e3o e Reda\u00e7\u00e3o de Leis - C\u00e2mara Municipal de Belo Jardim","og_description":"Regimento Interno Art. 244 &#8211; \u00c0 Comiss\u00e3o de Legisla\u00e7\u00e3o e Reda\u00e7\u00e3o de Leis compete a aprecia\u00e7\u00e3o de mat\u00e9rias atinentes a: I- verificar a adequa\u00e7\u00e3o da...","og_url":"https:\/\/belojardim.pe.leg.br\/portal\/comissao-de-legislacao-e-redacao-de-leis\/","og_site_name":"C\u00e2mara Municipal de Belo Jardim","article_modified_time":"2025-06-09T12:11:01+00:00","twitter_card":"summary_large_image","twitter_misc":{"Est. tempo de leitura":"1 minuto"},"schema":{"@context":"https:\/\/schema.org","@graph":[{"@type":"WebPage","@id":"https:\/\/belojardim.pe.leg.br\/portal\/comissao-de-legislacao-e-redacao-de-leis\/","url":"https:\/\/belojardim.pe.leg.br\/portal\/comissao-de-legislacao-e-redacao-de-leis\/","name":"Comiss\u00e3o de Legisla\u00e7\u00e3o e Reda\u00e7\u00e3o de Leis - C\u00e2mara Municipal de Belo Jardim","isPartOf":{"@id":"https:\/\/belojardim.pe.leg.br\/portal\/#website"},"datePublished":"2017-04-08T22:55:23+00:00","dateModified":"2025-06-09T12:11:01+00:00","breadcrumb":{"@id":"https:\/\/belojardim.pe.leg.br\/portal\/comissao-de-legislacao-e-redacao-de-leis\/#breadcrumb"},"inLanguage":"pt-BR","potentialAction":[{"@type":"ReadAction","target":["https:\/\/belojardim.pe.leg.br\/portal\/comissao-de-legislacao-e-redacao-de-leis\/"]}]},{"@type":"BreadcrumbList","@id":"https:\/\/belojardim.pe.leg.br\/portal\/comissao-de-legislacao-e-redacao-de-leis\/#breadcrumb","itemListElement":[{"@type":"ListItem","position":1,"name":"In\u00edcio","item":"https:\/\/belojardim.pe.leg.br\/portal\/"},{"@type":"ListItem","position":2,"name":"Comiss\u00e3o de Legisla\u00e7\u00e3o e Reda\u00e7\u00e3o de Leis"}]},{"@type":"WebSite","@id":"https:\/\/belojardim.pe.leg.br\/portal\/#website","url":"https:\/\/belojardim.pe.leg.br\/portal\/","name":"C\u00e2mara Municipal de Belo Jardim","description":"Casa Cust\u00f3dio Ferreira Mergulh\u00e3o","publisher":{"@id":"https:\/\/belojardim.pe.leg.br\/portal\/#organization"},"potentialAction":[{"@type":"SearchAction","target":{"@type":"EntryPoint","urlTemplate":"https:\/\/belojardim.pe.leg.br\/portal\/?s={search_term_string}"},"query-input":{"@type":"PropertyValueSpecification","valueRequired":true,"valueName":"search_term_string"}}],"inLanguage":"pt-BR"},{"@type":"Organization","@id":"https:\/\/belojardim.pe.leg.br\/portal\/#organization","name":"C\u00e2mara Municipal de Belo Jardim","url":"https:\/\/belojardim.pe.leg.br\/portal\/","logo":{"@type":"ImageObject","inLanguage":"pt-BR","@id":"https:\/\/belojardim.pe.leg.br\/portal\/#\/schema\/logo\/image\/","url":"https:\/\/belojardim.pe.leg.br\/portal\/wp-content\/uploads\/2025\/02\/brasao_novo_camara.png","contentUrl":"https:\/\/belojardim.pe.leg.br\/portal\/wp-content\/uploads\/2025\/02\/brasao_novo_camara.png","width":7239,"height":1735,"caption":"C\u00e2mara Municipal de Belo Jardim"},"image":{"@id":"https:\/\/belojardim.pe.leg.br\/portal\/#\/schema\/logo\/image\/"}}]}},"_links":{"self":[{"href":"https:\/\/belojardim.pe.leg.br\/portal\/wp-json\/wp\/v2\/pages\/3566","targetHints":{"allow":["GET"]}}],"collection":[{"href":"https:\/\/belojardim.pe.leg.br\/portal\/wp-json\/wp\/v2\/pages"}],"about":[{"href":"https:\/\/belojardim.pe.leg.br\/portal\/wp-json\/wp\/v2\/types\/page"}],"author":[{"embeddable":true,"href":"https:\/\/belojardim.pe.leg.br\/portal\/wp-json\/wp\/v2\/users\/1"}],"replies":[{"embeddable":true,"href":"https:\/\/belojardim.pe.leg.br\/portal\/wp-json\/wp\/v2\/comments?post=3566"}],"version-history":[{"count":8,"href":"https:\/\/belojardim.pe.leg.br\/portal\/wp-json\/wp\/v2\/pages\/3566\/revisions"}],"predecessor-version":[{"id":15204,"href":"https:\/\/belojardim.pe.leg.br\/portal\/wp-json\/wp\/v2\/pages\/3566\/revisions\/15204"}],"wp:attachment":[{"href":"https:\/\/belojardim.pe.leg.br\/portal\/wp-json\/wp\/v2\/media?parent=3566"}],"curies":[{"name":"wp","href":"https:\/\/api.w.org\/{rel}","templated":true}]}}

Comissão de Legislação e Redação de Leis

<p><em>Regimento Interno</em></p>
<p><em>Art. 244 &#8211; À Comissão de Legislação e Redação de Leis compete a apreciação de matérias atinentes a:</em><br />
<em>I- verificar a adequação da propositura ao processo legislativo;</em><br />
<em>II- interpretação e aplicação de leis;</em><br />
<em>III- concessão de privilégios e exploração de serviços públicos;</em><br />
<em>IV- aquisição de bens, aceitação de doação, heranças e legados e sua publicação;</em><br />
<em>V- criação, extinção e alteração de serviços da administração;</em><br />
<em>VI- desapropriações, permutas, alterações e aquisição de bens;</em><br />
<em>VII- comércio, indústria e agricultura; e</em><br />
<em>VIII- redigir em definitivo os projetos de lei, de resolução e de decreto legislativo aprovados pela Câmara, podendo, se necessário, introduzir modificações sintáticas, desde que não alterem o sentido da proposição aprovada.</em></p>
<p><strong>Composição</strong></p>
<p>Presidente: Daniel da Silva Lopes &#8211; União Brasil<br />
Relator: Fabrício Lima Lino &#8211; PSDB<br />
Membro: Euno Andrade da Silva Filho</p>

<p>Regimento Interno Art. 244 &#8211; À Comissão de Legislação e Redação de Leis compete a apreciação de matérias atinentes a: I- verificar a adequação da&#8230;</p>

<!-- This site is optimized with the Yoast SEO plugin v25.1 - https://yoast.com/wordpress/plugins/seo/ -->
<title>Comissão de Legislação e Redação de Leis - Câmara Municipal de Belo Jardim</title>
<meta name="robots" content="index, follow, max-snippet:-1, max-image-preview:large, max-video-preview:-1" />
<link rel="canonical" href="https://belojardim.pe.leg.br/portal/comissao-de-legislacao-e-redacao-de-leis/" />
<meta property="og:locale" content="pt_BR" />
<meta property="og:type" content="article" />
<meta property="og:title" content="Comissão de Legislação e Redação de Leis - Câmara Municipal de Belo Jardim" />
<meta property="og:description" content="Regimento Interno Art. 244 &#8211; À Comissão de Legislação e Redação de Leis compete a apreciação de matérias atinentes a: I- verificar a adequação da..." />
<meta property="og:url" content="https://belojardim.pe.leg.br/portal/comissao-de-legislacao-e-redacao-de-leis/" />
<meta property="og:site_name" content="Câmara Municipal de Belo Jardim" />
<meta property="article:modified_time" content="2025-06-09T12:11:01+00:00" />
<meta name="twitter:card" content="summary_large_image" />
<meta name="twitter:label1" content="Est. tempo de leitura" />
	<meta name="twitter:data1" content="1 minuto" />
<script type="application/ld+json" class="yoast-schema-graph">{"@context":"https://schema.org","@graph":[{"@type":"WebPage","@id":"https://belojardim.pe.leg.br/portal/comissao-de-legislacao-e-redacao-de-leis/","url":"https://belojardim.pe.leg.br/portal/comissao-de-legislacao-e-redacao-de-leis/","name":"Comissão de Legislação e Redação de Leis - Câmara Municipal de Belo Jardim","isPartOf":{"@id":"https://belojardim.pe.leg.br/portal/#website"},"datePublished":"2017-04-08T22:55:23+00:00","dateModified":"2025-06-09T12:11:01+00:00","breadcrumb":{"@id":"https://belojardim.pe.leg.br/portal/comissao-de-legislacao-e-redacao-de-leis/#breadcrumb"},"inLanguage":"pt-BR","potentialAction":[{"@type":"ReadAction","target":["https://belojardim.pe.leg.br/portal/comissao-de-legislacao-e-redacao-de-leis/"]}]},{"@type":"BreadcrumbList","@id":"https://belojardim.pe.leg.br/portal/comissao-de-legislacao-e-redacao-de-leis/#breadcrumb","itemListElement":[{"@type":"ListItem","position":1,"name":"Início","item":"https://belojardim.pe.leg.br/portal/"},{"@type":"ListItem","position":2,"name":"Comissão de Legislação e Redação de Leis"}]},{"@type":"WebSite","@id":"https://belojardim.pe.leg.br/portal/#website","url":"https://belojardim.pe.leg.br/portal/","name":"Câmara Municipal de Belo Jardim","description":"Casa Custódio Ferreira Mergulhão","publisher":{"@id":"https://belojardim.pe.leg.br/portal/#organization"},"potentialAction":[{"@type":"SearchAction","target":{"@type":"EntryPoint","urlTemplate":"https://belojardim.pe.leg.br/portal/?s={search_term_string}"},"query-input":{"@type":"PropertyValueSpecification","valueRequired":true,"valueName":"search_term_string"}}],"inLanguage":"pt-BR"},{"@type":"Organization","@id":"https://belojardim.pe.leg.br/portal/#organization","name":"Câmara Municipal de Belo Jardim","url":"https://belojardim.pe.leg.br/portal/","logo":{"@type":"ImageObject","inLanguage":"pt-BR","@id":"https://belojardim.pe.leg.br/portal/#/schema/logo/image/","url":"https://belojardim.pe.leg.br/portal/wp-content/uploads/2025/02/brasao_novo_camara.png","contentUrl":"https://belojardim.pe.leg.br/portal/wp-content/uploads/2025/02/brasao_novo_camara.png","width":7239,"height":1735,"caption":"Câmara Municipal de Belo Jardim"},"image":{"@id":"https://belojardim.pe.leg.br/portal/#/schema/logo/image/"}}]}</script>
<!-- / Yoast SEO plugin. -->

Comissão de Legislação e Redação de Leis - Câmara Municipal de Belo Jardim

Regimento Interno Art. 244 &#8211; À Comissão de Legislação e Redação de Leis compete a apreciação de matérias atinentes a: I- verificar a adequação da...

Câmara Municipal de Belo Jardim

Início

Casa Custódio Ferreira Mergulhão
