{"id":12346,"date":"2023-06-06T12:23:43","date_gmt":"2023-06-06T15:23:43","guid":{"rendered":"https:\/\/belojardim.pe.leg.br\/portal\/?page_id=12346"},"modified":"2025-03-20T09:45:56","modified_gmt":"2025-03-20T12:45:56","slug":"reginaldo-silva-santos","status":"publish","type":"page","link":"https:\/\/belojardim.pe.leg.br\/portal\/reginaldo-silva-santos\/","title":{"rendered":"Reginaldo Silva Santos"},"content":{"rendered":"<div class=\"wp-block-image\"><img loading=\"lazy\" decoding=\"async\" class=\"alignleft size-medium wp-image-12347\" src=\"https:\/\/belojardim.pe.leg.br\/portal\/wp-content\/uploads\/2023\/06\/Reginaldo-Silva-dos-Santos-225x300.jpg\" alt=\"\" width=\"225\" height=\"300\" srcset=\"https:\/\/belojardim.pe.leg.br\/portal\/wp-content\/uploads\/2023\/06\/Reginaldo-Silva-dos-Santos-225x300.jpg 225w, https:\/\/belojardim.pe.leg.br\/portal\/wp-content\/uploads\/2023\/06\/Reginaldo-Silva-dos-Santos-768x1024.jpg 768w, https:\/\/belojardim.pe.leg.br\/portal\/wp-content\/uploads\/2023\/06\/Reginaldo-Silva-dos-Santos-1152x1536.jpg 1152w, https:\/\/belojardim.pe.leg.br\/portal\/wp-content\/uploads\/2023\/06\/Reginaldo-Silva-dos-Santos-1536x2048.jpg 1536w, https:\/\/belojardim.pe.leg.br\/portal\/wp-content\/uploads\/2023\/06\/Reginaldo-Silva-dos-Santos-1218x1624.jpg 1218w, https:\/\/belojardim.pe.leg.br\/portal\/wp-content\/uploads\/2023\/06\/Reginaldo-Silva-dos-Santos-scaled.jpg 1920w\" sizes=\"auto, (max-width: 225px) 100vw, 225px\" \/><\/div>\n<p>Mais conhecido como Z\u00e9 Gury Jr, natural de Belo Jardim, filho do Sr. Z\u00e9 Gury e da Sra. Maria Jos\u00e9 Silva dos Santos, mais conhecida por Rosa. Solteiro, concluiu o ensino m\u00e9dio e desde crian\u00e7a almejava ser pol\u00edtico. Aos 23 anos foi eleito conselheiro tutelar, passando quatro anos no cargo e exercendo um excelente trabalho. Ap\u00f3s esse per\u00edodo se candidatou pela primeira vez ao cargo de Vereador no pleito 2016\/2020, sendo eleito com expressiva vota\u00e7\u00e3o, obtendo 1.495 votos. Atualmente est\u00e1 em seu 3\u00ba mandato.<\/p>\n<p>Foi eleito com 3.015 votos pelo PSDB<\/p>\n","protected":false},"excerpt":{"rendered":"<p>Mais conhecido como Z\u00e9 Gury Jr, natural de Belo Jardim, filho do Sr. Z\u00e9 Gury e da Sra. Maria Jos\u00e9 Silva dos Santos, mais conhecida&#8230;<\/p>\n","protected":false},"author":1,"featured_media":0,"parent":0,"menu_order":0,"comment_status":"closed","ping_status":"closed","template":"","meta":{"footnotes":""},"class_list":["post-12346","page","type-page","status-publish","hentry"],"yoast_head":"<!-- This site is optimized with the Yoast SEO plugin v25.1 - https:\/\/yoast.com\/wordpress\/plugins\/seo\/ -->\n<title>Reginaldo Silva Santos - C\u00e2mara Municipal de Belo Jardim<\/title>\n<meta name=\"robots\" content=\"index, follow, max-snippet:-1, max-image-preview:large, max-video-preview:-1\" \/>\n<link rel=\"canonical\" href=\"https:\/\/belojardim.pe.leg.br\/portal\/reginaldo-silva-santos\/\" \/>\n<meta property=\"og:locale\" content=\"pt_BR\" \/>\n<meta property=\"og:type\" content=\"article\" \/>\n<meta property=\"og:title\" content=\"Reginaldo Silva Santos - C\u00e2mara Municipal de Belo Jardim\" \/>\n<meta property=\"og:description\" content=\"Mais conhecido como Z\u00e9 Gury Jr, natural de Belo Jardim, filho do Sr. Z\u00e9 Gury e da Sra. Maria Jos\u00e9 Silva dos Santos, mais conhecida...\" \/>\n<meta property=\"og:url\" content=\"https:\/\/belojardim.pe.leg.br\/portal\/reginaldo-silva-santos\/\" \/>\n<meta property=\"og:site_name\" content=\"C\u00e2mara Municipal de Belo Jardim\" \/>\n<meta property=\"article:modified_time\" content=\"2025-03-20T12:45:56+00:00\" \/>\n<meta property=\"og:image\" content=\"https:\/\/belojardim.pe.leg.br\/portal\/wp-content\/uploads\/2023\/06\/Reginaldo-Silva-dos-Santos-scaled.jpg\" \/>\n\t<meta property=\"og:image:width\" content=\"1920\" \/>\n\t<meta property=\"og:image:height\" content=\"2560\" \/>\n\t<meta property=\"og:image:type\" content=\"image\/jpeg\" \/>\n<meta name=\"twitter:card\" content=\"summary_large_image\" \/>\n<meta name=\"twitter:label1\" content=\"Est. tempo de leitura\" \/>\n\t<meta name=\"twitter:data1\" content=\"1 minuto\" \/>\n<script type=\"application\/ld+json\" class=\"yoast-schema-graph\">{\"@context\":\"https:\/\/schema.org\",\"@graph\":[{\"@type\":\"WebPage\",\"@id\":\"https:\/\/belojardim.pe.leg.br\/portal\/reginaldo-silva-santos\/\",\"url\":\"https:\/\/belojardim.pe.leg.br\/portal\/reginaldo-silva-santos\/\",\"name\":\"Reginaldo Silva Santos - C\u00e2mara Municipal de Belo Jardim\",\"isPartOf\":{\"@id\":\"https:\/\/belojardim.pe.leg.br\/portal\/#website\"},\"primaryImageOfPage\":{\"@id\":\"https:\/\/belojardim.pe.leg.br\/portal\/reginaldo-silva-santos\/#primaryimage\"},\"image\":{\"@id\":\"https:\/\/belojardim.pe.leg.br\/portal\/reginaldo-silva-santos\/#primaryimage\"},\"thumbnailUrl\":\"https:\/\/belojardim.pe.leg.br\/portal\/wp-content\/uploads\/2023\/06\/Reginaldo-Silva-dos-Santos-225x300.jpg\",\"datePublished\":\"2023-06-06T15:23:43+00:00\",\"dateModified\":\"2025-03-20T12:45:56+00:00\",\"breadcrumb\":{\"@id\":\"https:\/\/belojardim.pe.leg.br\/portal\/reginaldo-silva-santos\/#breadcrumb\"},\"inLanguage\":\"pt-BR\",\"potentialAction\":[{\"@type\":\"ReadAction\",\"target\":[\"https:\/\/belojardim.pe.leg.br\/portal\/reginaldo-silva-santos\/\"]}]},{\"@type\":\"ImageObject\",\"inLanguage\":\"pt-BR\",\"@id\":\"https:\/\/belojardim.pe.leg.br\/portal\/reginaldo-silva-santos\/#primaryimage\",\"url\":\"https:\/\/belojardim.pe.leg.br\/portal\/wp-content\/uploads\/2023\/06\/Reginaldo-Silva-dos-Santos-scaled.jpg\",\"contentUrl\":\"https:\/\/belojardim.pe.leg.br\/portal\/wp-content\/uploads\/2023\/06\/Reginaldo-Silva-dos-Santos-scaled.jpg\",\"width\":1920,\"height\":2560},{\"@type\":\"BreadcrumbList\",\"@id\":\"https:\/\/belojardim.pe.leg.br\/portal\/reginaldo-silva-santos\/#breadcrumb\",\"itemListElement\":[{\"@type\":\"ListItem\",\"position\":1,\"name\":\"In\u00edcio\",\"item\":\"https:\/\/belojardim.pe.leg.br\/portal\/\"},{\"@type\":\"ListItem\",\"position\":2,\"name\":\"Reginaldo Silva Santos\"}]},{\"@type\":\"WebSite\",\"@id\":\"https:\/\/belojardim.pe.leg.br\/portal\/#website\",\"url\":\"https:\/\/belojardim.pe.leg.br\/portal\/\",\"name\":\"C\u00e2mara Municipal de Belo Jardim\",\"description\":\"Casa Cust\u00f3dio Ferreira Mergulh\u00e3o\",\"publisher\":{\"@id\":\"https:\/\/belojardim.pe.leg.br\/portal\/#organization\"},\"potentialAction\":[{\"@type\":\"SearchAction\",\"target\":{\"@type\":\"EntryPoint\",\"urlTemplate\":\"https:\/\/belojardim.pe.leg.br\/portal\/?s={search_term_string}\"},\"query-input\":{\"@type\":\"PropertyValueSpecification\",\"valueRequired\":true,\"valueName\":\"search_term_string\"}}],\"inLanguage\":\"pt-BR\"},{\"@type\":\"Organization\",\"@id\":\"https:\/\/belojardim.pe.leg.br\/portal\/#organization\",\"name\":\"C\u00e2mara Municipal de Belo Jardim\",\"url\":\"https:\/\/belojardim.pe.leg.br\/portal\/\",\"logo\":{\"@type\":\"ImageObject\",\"inLanguage\":\"pt-BR\",\"@id\":\"https:\/\/belojardim.pe.leg.br\/portal\/#\/schema\/logo\/image\/\",\"url\":\"https:\/\/belojardim.pe.leg.br\/portal\/wp-content\/uploads\/2025\/02\/brasao_novo_camara.png\",\"contentUrl\":\"https:\/\/belojardim.pe.leg.br\/portal\/wp-content\/uploads\/2025\/02\/brasao_novo_camara.png\",\"width\":7239,\"height\":1735,\"caption\":\"C\u00e2mara Municipal de Belo Jardim\"},\"image\":{\"@id\":\"https:\/\/belojardim.pe.leg.br\/portal\/#\/schema\/logo\/image\/\"}}]}<\/script>\n<!-- \/ Yoast SEO plugin. -->","yoast_head_json":{"title":"Reginaldo Silva Santos - C\u00e2mara Municipal de Belo Jardim","robots":{"index":"index","follow":"follow","max-snippet":"max-snippet:-1","max-image-preview":"max-image-preview:large","max-video-preview":"max-video-preview:-1"},"canonical":"https:\/\/belojardim.pe.leg.br\/portal\/reginaldo-silva-santos\/","og_locale":"pt_BR","og_type":"article","og_title":"Reginaldo Silva Santos - C\u00e2mara Municipal de Belo Jardim","og_description":"Mais conhecido como Z\u00e9 Gury Jr, natural de Belo Jardim, filho do Sr. Z\u00e9 Gury e da Sra. Maria Jos\u00e9 Silva dos Santos, mais conhecida...","og_url":"https:\/\/belojardim.pe.leg.br\/portal\/reginaldo-silva-santos\/","og_site_name":"C\u00e2mara Municipal de Belo Jardim","article_modified_time":"2025-03-20T12:45:56+00:00","og_image":[{"width":1920,"height":2560,"url":"https:\/\/belojardim.pe.leg.br\/portal\/wp-content\/uploads\/2023\/06\/Reginaldo-Silva-dos-Santos-scaled.jpg","type":"image\/jpeg"}],"twitter_card":"summary_large_image","twitter_misc":{"Est. tempo de leitura":"1 minuto"},"schema":{"@context":"https:\/\/schema.org","@graph":[{"@type":"WebPage","@id":"https:\/\/belojardim.pe.leg.br\/portal\/reginaldo-silva-santos\/","url":"https:\/\/belojardim.pe.leg.br\/portal\/reginaldo-silva-santos\/","name":"Reginaldo Silva Santos - C\u00e2mara Municipal de Belo Jardim","isPartOf":{"@id":"https:\/\/belojardim.pe.leg.br\/portal\/#website"},"primaryImageOfPage":{"@id":"https:\/\/belojardim.pe.leg.br\/portal\/reginaldo-silva-santos\/#primaryimage"},"image":{"@id":"https:\/\/belojardim.pe.leg.br\/portal\/reginaldo-silva-santos\/#primaryimage"},"thumbnailUrl":"https:\/\/belojardim.pe.leg.br\/portal\/wp-content\/uploads\/2023\/06\/Reginaldo-Silva-dos-Santos-225x300.jpg","datePublished":"2023-06-06T15:23:43+00:00","dateModified":"2025-03-20T12:45:56+00:00","breadcrumb":{"@id":"https:\/\/belojardim.pe.leg.br\/portal\/reginaldo-silva-santos\/#breadcrumb"},"inLanguage":"pt-BR","potentialAction":[{"@type":"ReadAction","target":["https:\/\/belojardim.pe.leg.br\/portal\/reginaldo-silva-santos\/"]}]},{"@type":"ImageObject","inLanguage":"pt-BR","@id":"https:\/\/belojardim.pe.leg.br\/portal\/reginaldo-silva-santos\/#primaryimage","url":"https:\/\/belojardim.pe.leg.br\/portal\/wp-content\/uploads\/2023\/06\/Reginaldo-Silva-dos-Santos-scaled.jpg","contentUrl":"https:\/\/belojardim.pe.leg.br\/portal\/wp-content\/uploads\/2023\/06\/Reginaldo-Silva-dos-Santos-scaled.jpg","width":1920,"height":2560},{"@type":"BreadcrumbList","@id":"https:\/\/belojardim.pe.leg.br\/portal\/reginaldo-silva-santos\/#breadcrumb","itemListElement":[{"@type":"ListItem","position":1,"name":"In\u00edcio","item":"https:\/\/belojardim.pe.leg.br\/portal\/"},{"@type":"ListItem","position":2,"name":"Reginaldo Silva Santos"}]},{"@type":"WebSite","@id":"https:\/\/belojardim.pe.leg.br\/portal\/#website","url":"https:\/\/belojardim.pe.leg.br\/portal\/","name":"C\u00e2mara Municipal de Belo Jardim","description":"Casa Cust\u00f3dio Ferreira Mergulh\u00e3o","publisher":{"@id":"https:\/\/belojardim.pe.leg.br\/portal\/#organization"},"potentialAction":[{"@type":"SearchAction","target":{"@type":"EntryPoint","urlTemplate":"https:\/\/belojardim.pe.leg.br\/portal\/?s={search_term_string}"},"query-input":{"@type":"PropertyValueSpecification","valueRequired":true,"valueName":"search_term_string"}}],"inLanguage":"pt-BR"},{"@type":"Organization","@id":"https:\/\/belojardim.pe.leg.br\/portal\/#organization","name":"C\u00e2mara Municipal de Belo Jardim","url":"https:\/\/belojardim.pe.leg.br\/portal\/","logo":{"@type":"ImageObject","inLanguage":"pt-BR","@id":"https:\/\/belojardim.pe.leg.br\/portal\/#\/schema\/logo\/image\/","url":"https:\/\/belojardim.pe.leg.br\/portal\/wp-content\/uploads\/2025\/02\/brasao_novo_camara.png","contentUrl":"https:\/\/belojardim.pe.leg.br\/portal\/wp-content\/uploads\/2025\/02\/brasao_novo_camara.png","width":7239,"height":1735,"caption":"C\u00e2mara Municipal de Belo Jardim"},"image":{"@id":"https:\/\/belojardim.pe.leg.br\/portal\/#\/schema\/logo\/image\/"}}]}},"_links":{"self":[{"href":"https:\/\/belojardim.pe.leg.br\/portal\/wp-json\/wp\/v2\/pages\/12346","targetHints":{"allow":["GET"]}}],"collection":[{"href":"https:\/\/belojardim.pe.leg.br\/portal\/wp-json\/wp\/v2\/pages"}],"about":[{"href":"https:\/\/belojardim.pe.leg.br\/portal\/wp-json\/wp\/v2\/types\/page"}],"author":[{"embeddable":true,"href":"https:\/\/belojardim.pe.leg.br\/portal\/wp-json\/wp\/v2\/users\/1"}],"replies":[{"embeddable":true,"href":"https:\/\/belojardim.pe.leg.br\/portal\/wp-json\/wp\/v2\/comments?post=12346"}],"version-history":[{"count":2,"href":"https:\/\/belojardim.pe.leg.br\/portal\/wp-json\/wp\/v2\/pages\/12346\/revisions"}],"predecessor-version":[{"id":15003,"href":"https:\/\/belojardim.pe.leg.br\/portal\/wp-json\/wp\/v2\/pages\/12346\/revisions\/15003"}],"wp:attachment":[{"href":"https:\/\/belojardim.pe.leg.br\/portal\/wp-json\/wp\/v2\/media?parent=12346"}],"curies":[{"name":"wp","href":"https:\/\/api.w.org\/{rel}","templated":true}]}}

<div class="wp-block-image"><img loading="lazy" decoding="async" class="alignleft size-medium wp-image-12347" src="https://belojardim.pe.leg.br/portal/wp-content/uploads/2023/06/Reginaldo-Silva-dos-Santos-225x300.jpg" alt="" width="225" height="300" srcset="https://belojardim.pe.leg.br/portal/wp-content/uploads/2023/06/Reginaldo-Silva-dos-Santos-225x300.jpg 225w, https://belojardim.pe.leg.br/portal/wp-content/uploads/2023/06/Reginaldo-Silva-dos-Santos-768x1024.jpg 768w, https://belojardim.pe.leg.br/portal/wp-content/uploads/2023/06/Reginaldo-Silva-dos-Santos-1152x1536.jpg 1152w, https://belojardim.pe.leg.br/portal/wp-content/uploads/2023/06/Reginaldo-Silva-dos-Santos-1536x2048.jpg 1536w, https://belojardim.pe.leg.br/portal/wp-content/uploads/2023/06/Reginaldo-Silva-dos-Santos-1218x1624.jpg 1218w, https://belojardim.pe.leg.br/portal/wp-content/uploads/2023/06/Reginaldo-Silva-dos-Santos-scaled.jpg 1920w" sizes="auto, (max-width: 225px) 100vw, 225px" /></div>
<p>Mais conhecido como Zé Gury Jr, natural de Belo Jardim, filho do Sr. Zé Gury e da Sra. Maria José Silva dos Santos, mais conhecida por Rosa. Solteiro, concluiu o ensino médio e desde criança almejava ser político. Aos 23 anos foi eleito conselheiro tutelar, passando quatro anos no cargo e exercendo um excelente trabalho. Após esse período se candidatou pela primeira vez ao cargo de Vereador no pleito 2016/2020, sendo eleito com expressiva votação, obtendo 1.495 votos. Atualmente está em seu 3º mandato.</p>
<p>Foi eleito com 3.015 votos pelo PSDB</p>

<p>Mais conhecido como Zé Gury Jr, natural de Belo Jardim, filho do Sr. Zé Gury e da Sra. Maria José Silva dos Santos, mais conhecida&#8230;</p>

<!-- This site is optimized with the Yoast SEO plugin v25.1 - https://yoast.com/wordpress/plugins/seo/ -->
<title>Reginaldo Silva Santos - Câmara Municipal de Belo Jardim</title>
<meta name="robots" content="index, follow, max-snippet:-1, max-image-preview:large, max-video-preview:-1" />
<link rel="canonical" href="https://belojardim.pe.leg.br/portal/reginaldo-silva-santos/" />
<meta property="og:locale" content="pt_BR" />
<meta property="og:type" content="article" />
<meta property="og:title" content="Reginaldo Silva Santos - Câmara Municipal de Belo Jardim" />
<meta property="og:description" content="Mais conhecido como Zé Gury Jr, natural de Belo Jardim, filho do Sr. Zé Gury e da Sra. Maria José Silva dos Santos, mais conhecida..." />
<meta property="og:url" content="https://belojardim.pe.leg.br/portal/reginaldo-silva-santos/" />
<meta property="og:site_name" content="Câmara Municipal de Belo Jardim" />
<meta property="article:modified_time" content="2025-03-20T12:45:56+00:00" />
<meta property="og:image" content="https://belojardim.pe.leg.br/portal/wp-content/uploads/2023/06/Reginaldo-Silva-dos-Santos-scaled.jpg" />
	<meta property="og:image:width" content="1920" />
	<meta property="og:image:height" content="2560" />
	<meta property="og:image:type" content="image/jpeg" />
<meta name="twitter:card" content="summary_large_image" />
<meta name="twitter:label1" content="Est. tempo de leitura" />
	<meta name="twitter:data1" content="1 minuto" />
<script type="application/ld+json" class="yoast-schema-graph">{"@context":"https://schema.org","@graph":[{"@type":"WebPage","@id":"https://belojardim.pe.leg.br/portal/reginaldo-silva-santos/","url":"https://belojardim.pe.leg.br/portal/reginaldo-silva-santos/","name":"Reginaldo Silva Santos - Câmara Municipal de Belo Jardim","isPartOf":{"@id":"https://belojardim.pe.leg.br/portal/#website"},"primaryImageOfPage":{"@id":"https://belojardim.pe.leg.br/portal/reginaldo-silva-santos/#primaryimage"},"image":{"@id":"https://belojardim.pe.leg.br/portal/reginaldo-silva-santos/#primaryimage"},"thumbnailUrl":"https://belojardim.pe.leg.br/portal/wp-content/uploads/2023/06/Reginaldo-Silva-dos-Santos-225x300.jpg","datePublished":"2023-06-06T15:23:43+00:00","dateModified":"2025-03-20T12:45:56+00:00","breadcrumb":{"@id":"https://belojardim.pe.leg.br/portal/reginaldo-silva-santos/#breadcrumb"},"inLanguage":"pt-BR","potentialAction":[{"@type":"ReadAction","target":["https://belojardim.pe.leg.br/portal/reginaldo-silva-santos/"]}]},{"@type":"ImageObject","inLanguage":"pt-BR","@id":"https://belojardim.pe.leg.br/portal/reginaldo-silva-santos/#primaryimage","url":"https://belojardim.pe.leg.br/portal/wp-content/uploads/2023/06/Reginaldo-Silva-dos-Santos-scaled.jpg","contentUrl":"https://belojardim.pe.leg.br/portal/wp-content/uploads/2023/06/Reginaldo-Silva-dos-Santos-scaled.jpg","width":1920,"height":2560},{"@type":"BreadcrumbList","@id":"https://belojardim.pe.leg.br/portal/reginaldo-silva-santos/#breadcrumb","itemListElement":[{"@type":"ListItem","position":1,"name":"Início","item":"https://belojardim.pe.leg.br/portal/"},{"@type":"ListItem","position":2,"name":"Reginaldo Silva Santos"}]},{"@type":"WebSite","@id":"https://belojardim.pe.leg.br/portal/#website","url":"https://belojardim.pe.leg.br/portal/","name":"Câmara Municipal de Belo Jardim","description":"Casa Custódio Ferreira Mergulhão","publisher":{"@id":"https://belojardim.pe.leg.br/portal/#organization"},"potentialAction":[{"@type":"SearchAction","target":{"@type":"EntryPoint","urlTemplate":"https://belojardim.pe.leg.br/portal/?s={search_term_string}"},"query-input":{"@type":"PropertyValueSpecification","valueRequired":true,"valueName":"search_term_string"}}],"inLanguage":"pt-BR"},{"@type":"Organization","@id":"https://belojardim.pe.leg.br/portal/#organization","name":"Câmara Municipal de Belo Jardim","url":"https://belojardim.pe.leg.br/portal/","logo":{"@type":"ImageObject","inLanguage":"pt-BR","@id":"https://belojardim.pe.leg.br/portal/#/schema/logo/image/","url":"https://belojardim.pe.leg.br/portal/wp-content/uploads/2025/02/brasao_novo_camara.png","contentUrl":"https://belojardim.pe.leg.br/portal/wp-content/uploads/2025/02/brasao_novo_camara.png","width":7239,"height":1735,"caption":"Câmara Municipal de Belo Jardim"},"image":{"@id":"https://belojardim.pe.leg.br/portal/#/schema/logo/image/"}}]}</script>
<!-- / Yoast SEO plugin. -->

Reginaldo Silva Santos - Câmara Municipal de Belo Jardim

Mais conhecido como Zé Gury Jr, natural de Belo Jardim, filho do Sr. Zé Gury e da Sra. Maria José Silva dos Santos, mais conhecida...

Câmara Municipal de Belo Jardim

Início

Casa Custódio Ferreira Mergulhão
