{"id":12305,"date":"2023-06-06T12:10:10","date_gmt":"2023-06-06T15:10:10","guid":{"rendered":"https:\/\/belojardim.pe.leg.br\/portal\/?page_id=12305"},"modified":"2025-03-20T09:48:35","modified_gmt":"2025-03-20T12:48:35","slug":"euno-andrade-da-silva-filho","status":"publish","type":"page","link":"https:\/\/belojardim.pe.leg.br\/portal\/euno-andrade-da-silva-filho\/","title":{"rendered":"Euno Andrade da Silva Filho"},"content":{"rendered":"<div class=\"wp-block-image\"><img loading=\"lazy\" decoding=\"async\" class=\"alignleft size-medium wp-image-12307\" src=\"https:\/\/belojardim.pe.leg.br\/portal\/wp-content\/uploads\/2023\/06\/Euno-Andrade-da-Silva-Filho-233x300.jpg\" alt=\"\" width=\"233\" height=\"300\" srcset=\"https:\/\/belojardim.pe.leg.br\/portal\/wp-content\/uploads\/2023\/06\/Euno-Andrade-da-Silva-Filho-233x300.jpg 233w, https:\/\/belojardim.pe.leg.br\/portal\/wp-content\/uploads\/2023\/06\/Euno-Andrade-da-Silva-Filho-794x1024.jpg 794w, https:\/\/belojardim.pe.leg.br\/portal\/wp-content\/uploads\/2023\/06\/Euno-Andrade-da-Silva-Filho-768x991.jpg 768w, https:\/\/belojardim.pe.leg.br\/portal\/wp-content\/uploads\/2023\/06\/Euno-Andrade-da-Silva-Filho-1191x1536.jpg 1191w, https:\/\/belojardim.pe.leg.br\/portal\/wp-content\/uploads\/2023\/06\/Euno-Andrade-da-Silva-Filho-1588x2048.jpg 1588w, https:\/\/belojardim.pe.leg.br\/portal\/wp-content\/uploads\/2023\/06\/Euno-Andrade-da-Silva-Filho-1218x1571.jpg 1218w, https:\/\/belojardim.pe.leg.br\/portal\/wp-content\/uploads\/2023\/06\/Euno-Andrade-da-Silva-Filho-scaled.jpg 1985w\" sizes=\"auto, (max-width: 233px) 100vw, 233px\" \/><\/div>\n<p>Natural de Belo Jardim, filho de Euno Andrade da Silva e In\u00eas Barbosa Andrade. Casado com Maria Aparecida e pai de Raffaela e Euno Neto. Av\u00f4 de 02 netos. \u00c9 t\u00e9cnico agr\u00edcola tendo estudado no IFPE \u2013 Campus Belo Jardim e formado em Direito pela Universidade Regional do Nordeste na cidade de Campina Grande, no Estado da Para\u00edba. Se especializou em direito criminal, atuando em algumas cidades de Pernambuco como Belo Jardim, Sanhar\u00f3, Pesqueira, S\u00e3o Bento do Una, s\u00e3o Caetano, sempre focando na \u00e1rea criminal.<\/p>\n<p>\u00c9 MBA em Gest\u00e3o Municipal pela FAVIPE\/Faculdade do Vale do Ipojuca Campus Caruaru. Al\u00e9m de advogado, desde 1986 \u00e9 professor concursado pela AEB. Em 1996 foi eleito Vereador pela 1\u00aa vez, desde ent\u00e3o, vem se mantendo como Vereador, tendo oito mandatos consecutivos. Foi Presidente do Poder Legislativo em 2005, ap\u00f3s o falecimento do ent\u00e3o Presidente Jos\u00e9 Alves da Silva Irm\u00e3o, e novamente eleito para o bi\u00eanio em 2019\/2020.<\/p>\n<p>Foi eleito com 1.277 votos pelo PSDB<\/p>\n","protected":false},"excerpt":{"rendered":"<p>Natural de Belo Jardim, filho de Euno Andrade da Silva e In\u00eas Barbosa Andrade. Casado com Maria Aparecida e pai de Raffaela e Euno Neto&#8230;.<\/p>\n","protected":false},"author":1,"featured_media":0,"parent":0,"menu_order":0,"comment_status":"closed","ping_status":"closed","template":"","meta":{"footnotes":""},"class_list":["post-12305","page","type-page","status-publish","hentry"],"yoast_head":"<!-- This site is optimized with the Yoast SEO plugin v25.1 - https:\/\/yoast.com\/wordpress\/plugins\/seo\/ -->\n<title>Euno Andrade da Silva Filho - C\u00e2mara Municipal de Belo Jardim<\/title>\n<meta name=\"robots\" content=\"index, follow, max-snippet:-1, max-image-preview:large, max-video-preview:-1\" \/>\n<link rel=\"canonical\" href=\"https:\/\/belojardim.pe.leg.br\/portal\/euno-andrade-da-silva-filho\/\" \/>\n<meta property=\"og:locale\" content=\"pt_BR\" \/>\n<meta property=\"og:type\" content=\"article\" \/>\n<meta property=\"og:title\" content=\"Euno Andrade da Silva Filho - C\u00e2mara Municipal de Belo Jardim\" \/>\n<meta property=\"og:description\" content=\"Natural de Belo Jardim, filho de Euno Andrade da Silva e In\u00eas Barbosa Andrade. Casado com Maria Aparecida e pai de Raffaela e Euno Neto....\" \/>\n<meta property=\"og:url\" content=\"https:\/\/belojardim.pe.leg.br\/portal\/euno-andrade-da-silva-filho\/\" \/>\n<meta property=\"og:site_name\" content=\"C\u00e2mara Municipal de Belo Jardim\" \/>\n<meta property=\"article:modified_time\" content=\"2025-03-20T12:48:35+00:00\" \/>\n<meta property=\"og:image\" content=\"https:\/\/belojardim.pe.leg.br\/portal\/wp-content\/uploads\/2023\/06\/Euno-Andrade-da-Silva-Filho-scaled.jpg\" \/>\n\t<meta property=\"og:image:width\" content=\"1985\" \/>\n\t<meta property=\"og:image:height\" content=\"2560\" \/>\n\t<meta property=\"og:image:type\" content=\"image\/jpeg\" \/>\n<meta name=\"twitter:card\" content=\"summary_large_image\" \/>\n<meta name=\"twitter:label1\" content=\"Est. tempo de leitura\" \/>\n\t<meta name=\"twitter:data1\" content=\"2 minutos\" \/>\n<script type=\"application\/ld+json\" class=\"yoast-schema-graph\">{\"@context\":\"https:\/\/schema.org\",\"@graph\":[{\"@type\":\"WebPage\",\"@id\":\"https:\/\/belojardim.pe.leg.br\/portal\/euno-andrade-da-silva-filho\/\",\"url\":\"https:\/\/belojardim.pe.leg.br\/portal\/euno-andrade-da-silva-filho\/\",\"name\":\"Euno Andrade da Silva Filho - C\u00e2mara Municipal de Belo Jardim\",\"isPartOf\":{\"@id\":\"https:\/\/belojardim.pe.leg.br\/portal\/#website\"},\"primaryImageOfPage\":{\"@id\":\"https:\/\/belojardim.pe.leg.br\/portal\/euno-andrade-da-silva-filho\/#primaryimage\"},\"image\":{\"@id\":\"https:\/\/belojardim.pe.leg.br\/portal\/euno-andrade-da-silva-filho\/#primaryimage\"},\"thumbnailUrl\":\"https:\/\/belojardim.pe.leg.br\/portal\/wp-content\/uploads\/2023\/06\/Euno-Andrade-da-Silva-Filho-233x300.jpg\",\"datePublished\":\"2023-06-06T15:10:10+00:00\",\"dateModified\":\"2025-03-20T12:48:35+00:00\",\"breadcrumb\":{\"@id\":\"https:\/\/belojardim.pe.leg.br\/portal\/euno-andrade-da-silva-filho\/#breadcrumb\"},\"inLanguage\":\"pt-BR\",\"potentialAction\":[{\"@type\":\"ReadAction\",\"target\":[\"https:\/\/belojardim.pe.leg.br\/portal\/euno-andrade-da-silva-filho\/\"]}]},{\"@type\":\"ImageObject\",\"inLanguage\":\"pt-BR\",\"@id\":\"https:\/\/belojardim.pe.leg.br\/portal\/euno-andrade-da-silva-filho\/#primaryimage\",\"url\":\"https:\/\/belojardim.pe.leg.br\/portal\/wp-content\/uploads\/2023\/06\/Euno-Andrade-da-Silva-Filho-scaled.jpg\",\"contentUrl\":\"https:\/\/belojardim.pe.leg.br\/portal\/wp-content\/uploads\/2023\/06\/Euno-Andrade-da-Silva-Filho-scaled.jpg\",\"width\":1985,\"height\":2560},{\"@type\":\"BreadcrumbList\",\"@id\":\"https:\/\/belojardim.pe.leg.br\/portal\/euno-andrade-da-silva-filho\/#breadcrumb\",\"itemListElement\":[{\"@type\":\"ListItem\",\"position\":1,\"name\":\"In\u00edcio\",\"item\":\"https:\/\/belojardim.pe.leg.br\/portal\/\"},{\"@type\":\"ListItem\",\"position\":2,\"name\":\"Euno Andrade da Silva Filho\"}]},{\"@type\":\"WebSite\",\"@id\":\"https:\/\/belojardim.pe.leg.br\/portal\/#website\",\"url\":\"https:\/\/belojardim.pe.leg.br\/portal\/\",\"name\":\"C\u00e2mara Municipal de Belo Jardim\",\"description\":\"Casa Cust\u00f3dio Ferreira Mergulh\u00e3o\",\"publisher\":{\"@id\":\"https:\/\/belojardim.pe.leg.br\/portal\/#organization\"},\"potentialAction\":[{\"@type\":\"SearchAction\",\"target\":{\"@type\":\"EntryPoint\",\"urlTemplate\":\"https:\/\/belojardim.pe.leg.br\/portal\/?s={search_term_string}\"},\"query-input\":{\"@type\":\"PropertyValueSpecification\",\"valueRequired\":true,\"valueName\":\"search_term_string\"}}],\"inLanguage\":\"pt-BR\"},{\"@type\":\"Organization\",\"@id\":\"https:\/\/belojardim.pe.leg.br\/portal\/#organization\",\"name\":\"C\u00e2mara Municipal de Belo Jardim\",\"url\":\"https:\/\/belojardim.pe.leg.br\/portal\/\",\"logo\":{\"@type\":\"ImageObject\",\"inLanguage\":\"pt-BR\",\"@id\":\"https:\/\/belojardim.pe.leg.br\/portal\/#\/schema\/logo\/image\/\",\"url\":\"https:\/\/belojardim.pe.leg.br\/portal\/wp-content\/uploads\/2025\/02\/brasao_novo_camara.png\",\"contentUrl\":\"https:\/\/belojardim.pe.leg.br\/portal\/wp-content\/uploads\/2025\/02\/brasao_novo_camara.png\",\"width\":7239,\"height\":1735,\"caption\":\"C\u00e2mara Municipal de Belo Jardim\"},\"image\":{\"@id\":\"https:\/\/belojardim.pe.leg.br\/portal\/#\/schema\/logo\/image\/\"}}]}<\/script>\n<!-- \/ Yoast SEO plugin. -->","yoast_head_json":{"title":"Euno Andrade da Silva Filho - C\u00e2mara Municipal de Belo Jardim","robots":{"index":"index","follow":"follow","max-snippet":"max-snippet:-1","max-image-preview":"max-image-preview:large","max-video-preview":"max-video-preview:-1"},"canonical":"https:\/\/belojardim.pe.leg.br\/portal\/euno-andrade-da-silva-filho\/","og_locale":"pt_BR","og_type":"article","og_title":"Euno Andrade da Silva Filho - C\u00e2mara Municipal de Belo Jardim","og_description":"Natural de Belo Jardim, filho de Euno Andrade da Silva e In\u00eas Barbosa Andrade. Casado com Maria Aparecida e pai de Raffaela e Euno Neto....","og_url":"https:\/\/belojardim.pe.leg.br\/portal\/euno-andrade-da-silva-filho\/","og_site_name":"C\u00e2mara Municipal de Belo Jardim","article_modified_time":"2025-03-20T12:48:35+00:00","og_image":[{"width":1985,"height":2560,"url":"https:\/\/belojardim.pe.leg.br\/portal\/wp-content\/uploads\/2023\/06\/Euno-Andrade-da-Silva-Filho-scaled.jpg","type":"image\/jpeg"}],"twitter_card":"summary_large_image","twitter_misc":{"Est. tempo de leitura":"2 minutos"},"schema":{"@context":"https:\/\/schema.org","@graph":[{"@type":"WebPage","@id":"https:\/\/belojardim.pe.leg.br\/portal\/euno-andrade-da-silva-filho\/","url":"https:\/\/belojardim.pe.leg.br\/portal\/euno-andrade-da-silva-filho\/","name":"Euno Andrade da Silva Filho - C\u00e2mara Municipal de Belo Jardim","isPartOf":{"@id":"https:\/\/belojardim.pe.leg.br\/portal\/#website"},"primaryImageOfPage":{"@id":"https:\/\/belojardim.pe.leg.br\/portal\/euno-andrade-da-silva-filho\/#primaryimage"},"image":{"@id":"https:\/\/belojardim.pe.leg.br\/portal\/euno-andrade-da-silva-filho\/#primaryimage"},"thumbnailUrl":"https:\/\/belojardim.pe.leg.br\/portal\/wp-content\/uploads\/2023\/06\/Euno-Andrade-da-Silva-Filho-233x300.jpg","datePublished":"2023-06-06T15:10:10+00:00","dateModified":"2025-03-20T12:48:35+00:00","breadcrumb":{"@id":"https:\/\/belojardim.pe.leg.br\/portal\/euno-andrade-da-silva-filho\/#breadcrumb"},"inLanguage":"pt-BR","potentialAction":[{"@type":"ReadAction","target":["https:\/\/belojardim.pe.leg.br\/portal\/euno-andrade-da-silva-filho\/"]}]},{"@type":"ImageObject","inLanguage":"pt-BR","@id":"https:\/\/belojardim.pe.leg.br\/portal\/euno-andrade-da-silva-filho\/#primaryimage","url":"https:\/\/belojardim.pe.leg.br\/portal\/wp-content\/uploads\/2023\/06\/Euno-Andrade-da-Silva-Filho-scaled.jpg","contentUrl":"https:\/\/belojardim.pe.leg.br\/portal\/wp-content\/uploads\/2023\/06\/Euno-Andrade-da-Silva-Filho-scaled.jpg","width":1985,"height":2560},{"@type":"BreadcrumbList","@id":"https:\/\/belojardim.pe.leg.br\/portal\/euno-andrade-da-silva-filho\/#breadcrumb","itemListElement":[{"@type":"ListItem","position":1,"name":"In\u00edcio","item":"https:\/\/belojardim.pe.leg.br\/portal\/"},{"@type":"ListItem","position":2,"name":"Euno Andrade da Silva Filho"}]},{"@type":"WebSite","@id":"https:\/\/belojardim.pe.leg.br\/portal\/#website","url":"https:\/\/belojardim.pe.leg.br\/portal\/","name":"C\u00e2mara Municipal de Belo Jardim","description":"Casa Cust\u00f3dio Ferreira Mergulh\u00e3o","publisher":{"@id":"https:\/\/belojardim.pe.leg.br\/portal\/#organization"},"potentialAction":[{"@type":"SearchAction","target":{"@type":"EntryPoint","urlTemplate":"https:\/\/belojardim.pe.leg.br\/portal\/?s={search_term_string}"},"query-input":{"@type":"PropertyValueSpecification","valueRequired":true,"valueName":"search_term_string"}}],"inLanguage":"pt-BR"},{"@type":"Organization","@id":"https:\/\/belojardim.pe.leg.br\/portal\/#organization","name":"C\u00e2mara Municipal de Belo Jardim","url":"https:\/\/belojardim.pe.leg.br\/portal\/","logo":{"@type":"ImageObject","inLanguage":"pt-BR","@id":"https:\/\/belojardim.pe.leg.br\/portal\/#\/schema\/logo\/image\/","url":"https:\/\/belojardim.pe.leg.br\/portal\/wp-content\/uploads\/2025\/02\/brasao_novo_camara.png","contentUrl":"https:\/\/belojardim.pe.leg.br\/portal\/wp-content\/uploads\/2025\/02\/brasao_novo_camara.png","width":7239,"height":1735,"caption":"C\u00e2mara Municipal de Belo Jardim"},"image":{"@id":"https:\/\/belojardim.pe.leg.br\/portal\/#\/schema\/logo\/image\/"}}]}},"_links":{"self":[{"href":"https:\/\/belojardim.pe.leg.br\/portal\/wp-json\/wp\/v2\/pages\/12305","targetHints":{"allow":["GET"]}}],"collection":[{"href":"https:\/\/belojardim.pe.leg.br\/portal\/wp-json\/wp\/v2\/pages"}],"about":[{"href":"https:\/\/belojardim.pe.leg.br\/portal\/wp-json\/wp\/v2\/types\/page"}],"author":[{"embeddable":true,"href":"https:\/\/belojardim.pe.leg.br\/portal\/wp-json\/wp\/v2\/users\/1"}],"replies":[{"embeddable":true,"href":"https:\/\/belojardim.pe.leg.br\/portal\/wp-json\/wp\/v2\/comments?post=12305"}],"version-history":[{"count":4,"href":"https:\/\/belojardim.pe.leg.br\/portal\/wp-json\/wp\/v2\/pages\/12305\/revisions"}],"predecessor-version":[{"id":15005,"href":"https:\/\/belojardim.pe.leg.br\/portal\/wp-json\/wp\/v2\/pages\/12305\/revisions\/15005"}],"wp:attachment":[{"href":"https:\/\/belojardim.pe.leg.br\/portal\/wp-json\/wp\/v2\/media?parent=12305"}],"curies":[{"name":"wp","href":"https:\/\/api.w.org\/{rel}","templated":true}]}}

<div class="wp-block-image"><img loading="lazy" decoding="async" class="alignleft size-medium wp-image-12307" src="https://belojardim.pe.leg.br/portal/wp-content/uploads/2023/06/Euno-Andrade-da-Silva-Filho-233x300.jpg" alt="" width="233" height="300" srcset="https://belojardim.pe.leg.br/portal/wp-content/uploads/2023/06/Euno-Andrade-da-Silva-Filho-233x300.jpg 233w, https://belojardim.pe.leg.br/portal/wp-content/uploads/2023/06/Euno-Andrade-da-Silva-Filho-794x1024.jpg 794w, https://belojardim.pe.leg.br/portal/wp-content/uploads/2023/06/Euno-Andrade-da-Silva-Filho-768x991.jpg 768w, https://belojardim.pe.leg.br/portal/wp-content/uploads/2023/06/Euno-Andrade-da-Silva-Filho-1191x1536.jpg 1191w, https://belojardim.pe.leg.br/portal/wp-content/uploads/2023/06/Euno-Andrade-da-Silva-Filho-1588x2048.jpg 1588w, https://belojardim.pe.leg.br/portal/wp-content/uploads/2023/06/Euno-Andrade-da-Silva-Filho-1218x1571.jpg 1218w, https://belojardim.pe.leg.br/portal/wp-content/uploads/2023/06/Euno-Andrade-da-Silva-Filho-scaled.jpg 1985w" sizes="auto, (max-width: 233px) 100vw, 233px" /></div>
<p>Natural de Belo Jardim, filho de Euno Andrade da Silva e Inês Barbosa Andrade. Casado com Maria Aparecida e pai de Raffaela e Euno Neto. Avô de 02 netos. É técnico agrícola tendo estudado no IFPE – Campus Belo Jardim e formado em Direito pela Universidade Regional do Nordeste na cidade de Campina Grande, no Estado da Paraíba. Se especializou em direito criminal, atuando em algumas cidades de Pernambuco como Belo Jardim, Sanharó, Pesqueira, São Bento do Una, são Caetano, sempre focando na área criminal.</p>
<p>É MBA em Gestão Municipal pela FAVIPE/Faculdade do Vale do Ipojuca Campus Caruaru. Além de advogado, desde 1986 é professor concursado pela AEB. Em 1996 foi eleito Vereador pela 1ª vez, desde então, vem se mantendo como Vereador, tendo oito mandatos consecutivos. Foi Presidente do Poder Legislativo em 2005, após o falecimento do então Presidente José Alves da Silva Irmão, e novamente eleito para o biênio em 2019/2020.</p>
<p>Foi eleito com 1.277 votos pelo PSDB</p>

<p>Natural de Belo Jardim, filho de Euno Andrade da Silva e Inês Barbosa Andrade. Casado com Maria Aparecida e pai de Raffaela e Euno Neto&#8230;.</p>

<!-- This site is optimized with the Yoast SEO plugin v25.1 - https://yoast.com/wordpress/plugins/seo/ -->
<title>Euno Andrade da Silva Filho - Câmara Municipal de Belo Jardim</title>
<meta name="robots" content="index, follow, max-snippet:-1, max-image-preview:large, max-video-preview:-1" />
<link rel="canonical" href="https://belojardim.pe.leg.br/portal/euno-andrade-da-silva-filho/" />
<meta property="og:locale" content="pt_BR" />
<meta property="og:type" content="article" />
<meta property="og:title" content="Euno Andrade da Silva Filho - Câmara Municipal de Belo Jardim" />
<meta property="og:description" content="Natural de Belo Jardim, filho de Euno Andrade da Silva e Inês Barbosa Andrade. Casado com Maria Aparecida e pai de Raffaela e Euno Neto...." />
<meta property="og:url" content="https://belojardim.pe.leg.br/portal/euno-andrade-da-silva-filho/" />
<meta property="og:site_name" content="Câmara Municipal de Belo Jardim" />
<meta property="article:modified_time" content="2025-03-20T12:48:35+00:00" />
<meta property="og:image" content="https://belojardim.pe.leg.br/portal/wp-content/uploads/2023/06/Euno-Andrade-da-Silva-Filho-scaled.jpg" />
	<meta property="og:image:width" content="1985" />
	<meta property="og:image:height" content="2560" />
	<meta property="og:image:type" content="image/jpeg" />
<meta name="twitter:card" content="summary_large_image" />
<meta name="twitter:label1" content="Est. tempo de leitura" />
	<meta name="twitter:data1" content="2 minutos" />
<script type="application/ld+json" class="yoast-schema-graph">{"@context":"https://schema.org","@graph":[{"@type":"WebPage","@id":"https://belojardim.pe.leg.br/portal/euno-andrade-da-silva-filho/","url":"https://belojardim.pe.leg.br/portal/euno-andrade-da-silva-filho/","name":"Euno Andrade da Silva Filho - Câmara Municipal de Belo Jardim","isPartOf":{"@id":"https://belojardim.pe.leg.br/portal/#website"},"primaryImageOfPage":{"@id":"https://belojardim.pe.leg.br/portal/euno-andrade-da-silva-filho/#primaryimage"},"image":{"@id":"https://belojardim.pe.leg.br/portal/euno-andrade-da-silva-filho/#primaryimage"},"thumbnailUrl":"https://belojardim.pe.leg.br/portal/wp-content/uploads/2023/06/Euno-Andrade-da-Silva-Filho-233x300.jpg","datePublished":"2023-06-06T15:10:10+00:00","dateModified":"2025-03-20T12:48:35+00:00","breadcrumb":{"@id":"https://belojardim.pe.leg.br/portal/euno-andrade-da-silva-filho/#breadcrumb"},"inLanguage":"pt-BR","potentialAction":[{"@type":"ReadAction","target":["https://belojardim.pe.leg.br/portal/euno-andrade-da-silva-filho/"]}]},{"@type":"ImageObject","inLanguage":"pt-BR","@id":"https://belojardim.pe.leg.br/portal/euno-andrade-da-silva-filho/#primaryimage","url":"https://belojardim.pe.leg.br/portal/wp-content/uploads/2023/06/Euno-Andrade-da-Silva-Filho-scaled.jpg","contentUrl":"https://belojardim.pe.leg.br/portal/wp-content/uploads/2023/06/Euno-Andrade-da-Silva-Filho-scaled.jpg","width":1985,"height":2560},{"@type":"BreadcrumbList","@id":"https://belojardim.pe.leg.br/portal/euno-andrade-da-silva-filho/#breadcrumb","itemListElement":[{"@type":"ListItem","position":1,"name":"Início","item":"https://belojardim.pe.leg.br/portal/"},{"@type":"ListItem","position":2,"name":"Euno Andrade da Silva Filho"}]},{"@type":"WebSite","@id":"https://belojardim.pe.leg.br/portal/#website","url":"https://belojardim.pe.leg.br/portal/","name":"Câmara Municipal de Belo Jardim","description":"Casa Custódio Ferreira Mergulhão","publisher":{"@id":"https://belojardim.pe.leg.br/portal/#organization"},"potentialAction":[{"@type":"SearchAction","target":{"@type":"EntryPoint","urlTemplate":"https://belojardim.pe.leg.br/portal/?s={search_term_string}"},"query-input":{"@type":"PropertyValueSpecification","valueRequired":true,"valueName":"search_term_string"}}],"inLanguage":"pt-BR"},{"@type":"Organization","@id":"https://belojardim.pe.leg.br/portal/#organization","name":"Câmara Municipal de Belo Jardim","url":"https://belojardim.pe.leg.br/portal/","logo":{"@type":"ImageObject","inLanguage":"pt-BR","@id":"https://belojardim.pe.leg.br/portal/#/schema/logo/image/","url":"https://belojardim.pe.leg.br/portal/wp-content/uploads/2025/02/brasao_novo_camara.png","contentUrl":"https://belojardim.pe.leg.br/portal/wp-content/uploads/2025/02/brasao_novo_camara.png","width":7239,"height":1735,"caption":"Câmara Municipal de Belo Jardim"},"image":{"@id":"https://belojardim.pe.leg.br/portal/#/schema/logo/image/"}}]}</script>
<!-- / Yoast SEO plugin. -->

Euno Andrade da Silva Filho - Câmara Municipal de Belo Jardim

Natural de Belo Jardim, filho de Euno Andrade da Silva e Inês Barbosa Andrade. Casado com Maria Aparecida e pai de Raffaela e Euno Neto....

Câmara Municipal de Belo Jardim

Início

Casa Custódio Ferreira Mergulhão
