{"id":12079,"date":"2021-03-31T11:41:56","date_gmt":"2021-03-31T14:41:56","guid":{"rendered":"http:\/\/belojardim.pe.leg.br\/portal\/?page_id=12079"},"modified":"2021-03-31T11:42:13","modified_gmt":"2021-03-31T14:42:13","slug":"radio-camara","status":"publish","type":"page","link":"https:\/\/belojardim.pe.leg.br\/portal\/radio-camara\/","title":{"rendered":"R\u00e1dio C\u00e2mara"},"content":{"rendered":"<p><iframe loading=\"lazy\" src=\"https:\/\/player.stmip.net\/vplay\/08\/8322\" width=\"100%\" height=\"300\" frameborder=\"0\" scrolling=\"no\"><span data-mce-type=\"bookmark\" style=\"display: inline-block; width: 0px; overflow: hidden; line-height: 0;\" class=\"mce_SELRES_start\">\ufeff<\/span><\/iframe><\/p>\n","protected":false},"excerpt":{"rendered":"<p>\ufeff<\/p>\n","protected":false},"author":1,"featured_media":0,"parent":0,"menu_order":0,"comment_status":"closed","ping_status":"closed","template":"","meta":{"footnotes":""},"class_list":["post-12079","page","type-page","status-publish","hentry"],"yoast_head":"<!-- This site is optimized with the Yoast SEO plugin v25.1 - https:\/\/yoast.com\/wordpress\/plugins\/seo\/ -->\n<title>R\u00e1dio C\u00e2mara - C\u00e2mara Municipal de Belo Jardim<\/title>\n<meta name=\"robots\" content=\"index, follow, max-snippet:-1, max-image-preview:large, max-video-preview:-1\" \/>\n<link rel=\"canonical\" href=\"https:\/\/belojardim.pe.leg.br\/portal\/radio-camara\/\" \/>\n<meta property=\"og:locale\" content=\"pt_BR\" \/>\n<meta property=\"og:type\" content=\"article\" \/>\n<meta property=\"og:title\" content=\"R\u00e1dio C\u00e2mara - C\u00e2mara Municipal de Belo Jardim\" \/>\n<meta property=\"og:description\" content=\"\ufeff\" \/>\n<meta property=\"og:url\" content=\"https:\/\/belojardim.pe.leg.br\/portal\/radio-camara\/\" \/>\n<meta property=\"og:site_name\" content=\"C\u00e2mara Municipal de Belo Jardim\" \/>\n<meta property=\"article:modified_time\" content=\"2021-03-31T14:42:13+00:00\" \/>\n<meta name=\"twitter:card\" content=\"summary_large_image\" \/>\n<script type=\"application\/ld+json\" class=\"yoast-schema-graph\">{\"@context\":\"https:\/\/schema.org\",\"@graph\":[{\"@type\":\"WebPage\",\"@id\":\"https:\/\/belojardim.pe.leg.br\/portal\/radio-camara\/\",\"url\":\"https:\/\/belojardim.pe.leg.br\/portal\/radio-camara\/\",\"name\":\"R\u00e1dio C\u00e2mara - C\u00e2mara Municipal de Belo Jardim\",\"isPartOf\":{\"@id\":\"https:\/\/belojardim.pe.leg.br\/portal\/#website\"},\"datePublished\":\"2021-03-31T14:41:56+00:00\",\"dateModified\":\"2021-03-31T14:42:13+00:00\",\"breadcrumb\":{\"@id\":\"https:\/\/belojardim.pe.leg.br\/portal\/radio-camara\/#breadcrumb\"},\"inLanguage\":\"pt-BR\",\"potentialAction\":[{\"@type\":\"ReadAction\",\"target\":[\"https:\/\/belojardim.pe.leg.br\/portal\/radio-camara\/\"]}]},{\"@type\":\"BreadcrumbList\",\"@id\":\"https:\/\/belojardim.pe.leg.br\/portal\/radio-camara\/#breadcrumb\",\"itemListElement\":[{\"@type\":\"ListItem\",\"position\":1,\"name\":\"In\u00edcio\",\"item\":\"https:\/\/belojardim.pe.leg.br\/portal\/\"},{\"@type\":\"ListItem\",\"position\":2,\"name\":\"R\u00e1dio C\u00e2mara\"}]},{\"@type\":\"WebSite\",\"@id\":\"https:\/\/belojardim.pe.leg.br\/portal\/#website\",\"url\":\"https:\/\/belojardim.pe.leg.br\/portal\/\",\"name\":\"C\u00e2mara Municipal de Belo Jardim\",\"description\":\"Casa Cust\u00f3dio Ferreira Mergulh\u00e3o\",\"publisher\":{\"@id\":\"https:\/\/belojardim.pe.leg.br\/portal\/#organization\"},\"potentialAction\":[{\"@type\":\"SearchAction\",\"target\":{\"@type\":\"EntryPoint\",\"urlTemplate\":\"https:\/\/belojardim.pe.leg.br\/portal\/?s={search_term_string}\"},\"query-input\":{\"@type\":\"PropertyValueSpecification\",\"valueRequired\":true,\"valueName\":\"search_term_string\"}}],\"inLanguage\":\"pt-BR\"},{\"@type\":\"Organization\",\"@id\":\"https:\/\/belojardim.pe.leg.br\/portal\/#organization\",\"name\":\"C\u00e2mara Municipal de Belo Jardim\",\"url\":\"https:\/\/belojardim.pe.leg.br\/portal\/\",\"logo\":{\"@type\":\"ImageObject\",\"inLanguage\":\"pt-BR\",\"@id\":\"https:\/\/belojardim.pe.leg.br\/portal\/#\/schema\/logo\/image\/\",\"url\":\"https:\/\/belojardim.pe.leg.br\/portal\/wp-content\/uploads\/2025\/02\/brasao_novo_camara.png\",\"contentUrl\":\"https:\/\/belojardim.pe.leg.br\/portal\/wp-content\/uploads\/2025\/02\/brasao_novo_camara.png\",\"width\":7239,\"height\":1735,\"caption\":\"C\u00e2mara Municipal de Belo Jardim\"},\"image\":{\"@id\":\"https:\/\/belojardim.pe.leg.br\/portal\/#\/schema\/logo\/image\/\"}}]}<\/script>\n<!-- \/ Yoast SEO plugin. -->","yoast_head_json":{"title":"R\u00e1dio C\u00e2mara - C\u00e2mara Municipal de Belo Jardim","robots":{"index":"index","follow":"follow","max-snippet":"max-snippet:-1","max-image-preview":"max-image-preview:large","max-video-preview":"max-video-preview:-1"},"canonical":"https:\/\/belojardim.pe.leg.br\/portal\/radio-camara\/","og_locale":"pt_BR","og_type":"article","og_title":"R\u00e1dio C\u00e2mara - C\u00e2mara Municipal de Belo Jardim","og_description":"\ufeff","og_url":"https:\/\/belojardim.pe.leg.br\/portal\/radio-camara\/","og_site_name":"C\u00e2mara Municipal de Belo Jardim","article_modified_time":"2021-03-31T14:42:13+00:00","twitter_card":"summary_large_image","schema":{"@context":"https:\/\/schema.org","@graph":[{"@type":"WebPage","@id":"https:\/\/belojardim.pe.leg.br\/portal\/radio-camara\/","url":"https:\/\/belojardim.pe.leg.br\/portal\/radio-camara\/","name":"R\u00e1dio C\u00e2mara - C\u00e2mara Municipal de Belo Jardim","isPartOf":{"@id":"https:\/\/belojardim.pe.leg.br\/portal\/#website"},"datePublished":"2021-03-31T14:41:56+00:00","dateModified":"2021-03-31T14:42:13+00:00","breadcrumb":{"@id":"https:\/\/belojardim.pe.leg.br\/portal\/radio-camara\/#breadcrumb"},"inLanguage":"pt-BR","potentialAction":[{"@type":"ReadAction","target":["https:\/\/belojardim.pe.leg.br\/portal\/radio-camara\/"]}]},{"@type":"BreadcrumbList","@id":"https:\/\/belojardim.pe.leg.br\/portal\/radio-camara\/#breadcrumb","itemListElement":[{"@type":"ListItem","position":1,"name":"In\u00edcio","item":"https:\/\/belojardim.pe.leg.br\/portal\/"},{"@type":"ListItem","position":2,"name":"R\u00e1dio C\u00e2mara"}]},{"@type":"WebSite","@id":"https:\/\/belojardim.pe.leg.br\/portal\/#website","url":"https:\/\/belojardim.pe.leg.br\/portal\/","name":"C\u00e2mara Municipal de Belo Jardim","description":"Casa Cust\u00f3dio Ferreira Mergulh\u00e3o","publisher":{"@id":"https:\/\/belojardim.pe.leg.br\/portal\/#organization"},"potentialAction":[{"@type":"SearchAction","target":{"@type":"EntryPoint","urlTemplate":"https:\/\/belojardim.pe.leg.br\/portal\/?s={search_term_string}"},"query-input":{"@type":"PropertyValueSpecification","valueRequired":true,"valueName":"search_term_string"}}],"inLanguage":"pt-BR"},{"@type":"Organization","@id":"https:\/\/belojardim.pe.leg.br\/portal\/#organization","name":"C\u00e2mara Municipal de Belo Jardim","url":"https:\/\/belojardim.pe.leg.br\/portal\/","logo":{"@type":"ImageObject","inLanguage":"pt-BR","@id":"https:\/\/belojardim.pe.leg.br\/portal\/#\/schema\/logo\/image\/","url":"https:\/\/belojardim.pe.leg.br\/portal\/wp-content\/uploads\/2025\/02\/brasao_novo_camara.png","contentUrl":"https:\/\/belojardim.pe.leg.br\/portal\/wp-content\/uploads\/2025\/02\/brasao_novo_camara.png","width":7239,"height":1735,"caption":"C\u00e2mara Municipal de Belo Jardim"},"image":{"@id":"https:\/\/belojardim.pe.leg.br\/portal\/#\/schema\/logo\/image\/"}}]}},"_links":{"self":[{"href":"https:\/\/belojardim.pe.leg.br\/portal\/wp-json\/wp\/v2\/pages\/12079","targetHints":{"allow":["GET"]}}],"collection":[{"href":"https:\/\/belojardim.pe.leg.br\/portal\/wp-json\/wp\/v2\/pages"}],"about":[{"href":"https:\/\/belojardim.pe.leg.br\/portal\/wp-json\/wp\/v2\/types\/page"}],"author":[{"embeddable":true,"href":"https:\/\/belojardim.pe.leg.br\/portal\/wp-json\/wp\/v2\/users\/1"}],"replies":[{"embeddable":true,"href":"https:\/\/belojardim.pe.leg.br\/portal\/wp-json\/wp\/v2\/comments?post=12079"}],"version-history":[{"count":2,"href":"https:\/\/belojardim.pe.leg.br\/portal\/wp-json\/wp\/v2\/pages\/12079\/revisions"}],"predecessor-version":[{"id":12081,"href":"https:\/\/belojardim.pe.leg.br\/portal\/wp-json\/wp\/v2\/pages\/12079\/revisions\/12081"}],"wp:attachment":[{"href":"https:\/\/belojardim.pe.leg.br\/portal\/wp-json\/wp\/v2\/media?parent=12079"}],"curies":[{"name":"wp","href":"https:\/\/api.w.org\/{rel}","templated":true}]}}

Rádio Câmara

<!-- This site is optimized with the Yoast SEO plugin v25.1 - https://yoast.com/wordpress/plugins/seo/ -->
<title>Rádio Câmara - Câmara Municipal de Belo Jardim</title>
<meta name="robots" content="index, follow, max-snippet:-1, max-image-preview:large, max-video-preview:-1" />
<link rel="canonical" href="https://belojardim.pe.leg.br/portal/radio-camara/" />
<meta property="og:locale" content="pt_BR" />
<meta property="og:type" content="article" />
<meta property="og:title" content="Rádio Câmara - Câmara Municipal de Belo Jardim" />
<meta property="og:description" content="﻿" />
<meta property="og:url" content="https://belojardim.pe.leg.br/portal/radio-camara/" />
<meta property="og:site_name" content="Câmara Municipal de Belo Jardim" />
<meta property="article:modified_time" content="2021-03-31T14:42:13+00:00" />
<meta name="twitter:card" content="summary_large_image" />
<script type="application/ld+json" class="yoast-schema-graph">{"@context":"https://schema.org","@graph":[{"@type":"WebPage","@id":"https://belojardim.pe.leg.br/portal/radio-camara/","url":"https://belojardim.pe.leg.br/portal/radio-camara/","name":"Rádio Câmara - Câmara Municipal de Belo Jardim","isPartOf":{"@id":"https://belojardim.pe.leg.br/portal/#website"},"datePublished":"2021-03-31T14:41:56+00:00","dateModified":"2021-03-31T14:42:13+00:00","breadcrumb":{"@id":"https://belojardim.pe.leg.br/portal/radio-camara/#breadcrumb"},"inLanguage":"pt-BR","potentialAction":[{"@type":"ReadAction","target":["https://belojardim.pe.leg.br/portal/radio-camara/"]}]},{"@type":"BreadcrumbList","@id":"https://belojardim.pe.leg.br/portal/radio-camara/#breadcrumb","itemListElement":[{"@type":"ListItem","position":1,"name":"Início","item":"https://belojardim.pe.leg.br/portal/"},{"@type":"ListItem","position":2,"name":"Rádio Câmara"}]},{"@type":"WebSite","@id":"https://belojardim.pe.leg.br/portal/#website","url":"https://belojardim.pe.leg.br/portal/","name":"Câmara Municipal de Belo Jardim","description":"Casa Custódio Ferreira Mergulhão","publisher":{"@id":"https://belojardim.pe.leg.br/portal/#organization"},"potentialAction":[{"@type":"SearchAction","target":{"@type":"EntryPoint","urlTemplate":"https://belojardim.pe.leg.br/portal/?s={search_term_string}"},"query-input":{"@type":"PropertyValueSpecification","valueRequired":true,"valueName":"search_term_string"}}],"inLanguage":"pt-BR"},{"@type":"Organization","@id":"https://belojardim.pe.leg.br/portal/#organization","name":"Câmara Municipal de Belo Jardim","url":"https://belojardim.pe.leg.br/portal/","logo":{"@type":"ImageObject","inLanguage":"pt-BR","@id":"https://belojardim.pe.leg.br/portal/#/schema/logo/image/","url":"https://belojardim.pe.leg.br/portal/wp-content/uploads/2025/02/brasao_novo_camara.png","contentUrl":"https://belojardim.pe.leg.br/portal/wp-content/uploads/2025/02/brasao_novo_camara.png","width":7239,"height":1735,"caption":"Câmara Municipal de Belo Jardim"},"image":{"@id":"https://belojardim.pe.leg.br/portal/#/schema/logo/image/"}}]}</script>
<!-- / Yoast SEO plugin. -->

Rádio Câmara - Câmara Municipal de Belo Jardim

Câmara Municipal de Belo Jardim

Início

Casa Custódio Ferreira Mergulhão
