{"id":11969,"date":"2020-05-06T06:30:24","date_gmt":"2020-05-06T09:30:24","guid":{"rendered":"http:\/\/belojardim.pe.leg.br\/portal\/?page_id=11969"},"modified":"2020-05-06T06:30:24","modified_gmt":"2020-05-06T09:30:24","slug":"mapa-do-site","status":"publish","type":"page","link":"https:\/\/belojardim.pe.leg.br\/portal\/mapa-do-site\/","title":{"rendered":"Mapa do Site"},"content":{"rendered":"<div class=\"wsp-container\"><h2 class=\"wsp-pages-title\">Pages<\/h2>\n<ul class=\"wsp-pages-list\">\n<li class=\"page_item page-item-12316\"><a href=\"https:\/\/belojardim.pe.leg.br\/portal\/ademilton-dos-santos\/\">Ademilton dos Santos<\/a><\/li>\n<li class=\"page_item page-item-12142\"><a href=\"https:\/\/belojardim.pe.leg.br\/portal\/banco-de-ideias-legislativas\/\">Banco de Ideias Legislativas<\/a><\/li>\n<li class=\"page_item page-item-3600\"><a href=\"https:\/\/belojardim.pe.leg.br\/portal\/funcoes-e-cargos\/\">Cargos e Atribui\u00e7\u00f5es<\/a><\/li>\n<li class=\"page_item page-item-12192\"><a href=\"https:\/\/belojardim.pe.leg.br\/portal\/carta-de-servicos-ao-cidadao\/\">Carta de Servi\u00e7os ao Cidad\u00e3o<\/a><\/li>\n<li class=\"page_item page-item-12334\"><a href=\"https:\/\/belojardim.pe.leg.br\/portal\/claudemir-paulino-da-silva\/\">Claudemir Paulino da Silva<\/a><\/li>\n<li class=\"page_item page-item-11605\"><a href=\"https:\/\/belojardim.pe.leg.br\/portal\/comissao-de-agricultura-pecuaria-e-politica-rural\/\">Comiss\u00e3o de Agricultura, Pecu\u00e1ria e Pol\u00edtica Rural<\/a><\/li>\n<li class=\"page_item page-item-3579\"><a href=\"https:\/\/belojardim.pe.leg.br\/portal\/comissao-de-direitos-humanos\/\">Comiss\u00e3o de Direitos Humanos<\/a><\/li>\n<li class=\"page_item page-item-3573\"><a href=\"https:\/\/belojardim.pe.leg.br\/portal\/comissao-de-educacao-cultura-e-esportes\/\">Comiss\u00e3o de Educa\u00e7\u00e3o, Cultura e Esportes<\/a><\/li>\n<li class=\"page_item page-item-3584\"><a href=\"https:\/\/belojardim.pe.leg.br\/portal\/comissao-de-etica-e-decoro-parlamentar\/\">Comiss\u00e3o de \u00c9tica e Decoro Parlamentar<\/a><\/li>\n<li class=\"page_item page-item-3569\"><a href=\"https:\/\/belojardim.pe.leg.br\/portal\/comissao-de-financas-e-orcamento\/\">Comiss\u00e3o de Finan\u00e7as e Or\u00e7amento<\/a><\/li>\n<li class=\"page_item page-item-3566\"><a href=\"https:\/\/belojardim.pe.leg.br\/portal\/comissao-de-legislacao-e-redacao-de-leis\/\">Comiss\u00e3o de Legisla\u00e7\u00e3o e Reda\u00e7\u00e3o de Leis<\/a><\/li>\n<li class=\"page_item page-item-3571\"><a href=\"https:\/\/belojardim.pe.leg.br\/portal\/comissao-de-obras-urbanismo-e-meio-ambiente\/\">Comiss\u00e3o de Obras, Urbanismo e Meio Ambiente<\/a><\/li>\n<li class=\"page_item page-item-3581\"><a href=\"https:\/\/belojardim.pe.leg.br\/portal\/comissao-de-politicas-publicas-para-a-juventude\/\">Comiss\u00e3o de Pol\u00edticas P\u00fablicas para a Juventude<\/a><\/li>\n<li class=\"page_item page-item-3576\"><a href=\"https:\/\/belojardim.pe.leg.br\/portal\/comissao-de-saude-e-assistencia-social\/\">Comiss\u00e3o de Sa\u00fade e Assist\u00eancia Social<\/a><\/li>\n<li class=\"page_item page-item-156\"><a href=\"https:\/\/belojardim.pe.leg.br\/portal\/comissoes\/\">Comiss\u00f5es<\/a><\/li>\n<li class=\"page_item page-item-12407\"><a href=\"https:\/\/belojardim.pe.leg.br\/portal\/duvidas-e-perguntas-frequentes\/\">D\u00favidas e Perguntas Frequentes<\/a><\/li>\n<li class=\"page_item page-item-12343\"><a href=\"https:\/\/belojardim.pe.leg.br\/portal\/edvaldo-alves-vieira\/\">Edvaldo Alves Vieira<\/a><\/li>\n<li class=\"page_item page-item-12305\"><a href=\"https:\/\/belojardim.pe.leg.br\/portal\/euno-andrade-da-silva-filho\/\">Euno Andrade da Silva Filho<\/a><\/li>\n<li class=\"page_item page-item-12340\"><a href=\"https:\/\/belojardim.pe.leg.br\/portal\/guilherme-augusto-silva-dos-santos\/\">Guilherme Augusto Silva dos Santos<\/a><\/li>\n<li class=\"page_item page-item-12328\"><a href=\"https:\/\/belojardim.pe.leg.br\/portal\/joelson-fernandes-de-araujo\/\">Joelson Fernandes de Ara\u00fajo<\/a><\/li>\n<li class=\"page_item page-item-12310\"><a href=\"https:\/\/belojardim.pe.leg.br\/portal\/jonas-chagas-torres\/\">Jonas Chagas Torres<\/a><\/li>\n<li class=\"page_item page-item-12322\"><a href=\"https:\/\/belojardim.pe.leg.br\/portal\/jose-anselmo-da-silva\/\">Jos\u00e9 Anselmo da Silva<\/a><\/li>\n<li class=\"page_item page-item-12319\"><a href=\"https:\/\/belojardim.pe.leg.br\/portal\/jose-carlos-de-oliveira-lima\/\">Jos\u00e9 Carlos de Oliveira Lima<\/a><\/li>\n<li class=\"page_item page-item-12313\"><a href=\"https:\/\/belojardim.pe.leg.br\/portal\/jose-lopes-silveira\/\">Jos\u00e9 Lopes Silveira<\/a><\/li>\n<li class=\"page_item page-item-12331\"><a href=\"https:\/\/belojardim.pe.leg.br\/portal\/jose-marcelino-monteiro-da-silva\/\">Jos\u00e9 Marcelino Monteiro da Silva<\/a><\/li>\n<li class=\"page_item page-item-11969\"><a href=\"https:\/\/belojardim.pe.leg.br\/portal\/mapa-do-site\/\">Mapa do Site<\/a><\/li>\n<li class=\"page_item page-item-34\"><a href=\"https:\/\/belojardim.pe.leg.br\/portal\/camara\/\">Mesa Diretora<\/a><\/li>\n<li class=\"page_item page-item-29\"><a href=\"https:\/\/belojardim.pe.leg.br\/portal\/municipio\/\">Munic\u00edpio<\/a><\/li>\n<li class=\"page_item page-item-12362\"><a href=\"https:\/\/belojardim.pe.leg.br\/portal\/nilton-senhorinho\/\">Nilton Senhorinho<\/a><\/li>\n<li class=\"page_item page-item-3551\"><a href=\"https:\/\/belojardim.pe.leg.br\/portal\/organograma\/\">Organograma<\/a><\/li>\n<li class=\"page_item page-item-3801\"><a href=\"https:\/\/belojardim.pe.leg.br\/portal\/ouvidoria\/\">Ouvidoria<\/a><\/li>\n<li class=\"page_item page-item-11\"><a href=\"https:\/\/belojardim.pe.leg.br\/portal\/pagina-inicial\/\">P\u00e1gina Inicial<\/a><\/li>\n<li class=\"page_item page-item-12470\"><a href=\"https:\/\/belojardim.pe.leg.br\/portal\/politica-de-privacidade\/\">Pol\u00edtica de Privacidade<\/a><\/li>\n<li class=\"page_item page-item-12079\"><a href=\"https:\/\/belojardim.pe.leg.br\/portal\/radio-camara\/\">R\u00e1dio C\u00e2mara<\/a><\/li>\n<li class=\"page_item page-item-12346\"><a href=\"https:\/\/belojardim.pe.leg.br\/portal\/reginaldo-silva-santos\/\">Reginaldo Silva Santos<\/a><\/li>\n<li class=\"page_item page-item-12325\"><a href=\"https:\/\/belojardim.pe.leg.br\/portal\/romulo-cesar-de-holanda-souza\/\">R\u00f4mulo C\u00e9sar de Holanda Souza<\/a><\/li>\n<li class=\"page_item page-item-12337\"><a href=\"https:\/\/belojardim.pe.leg.br\/portal\/thallys-bruno-bezerra-agra-de-lima\/\">Thallys Bruno Bezerra Agra de Lima<\/a><\/li>\n<li class=\"page_item page-item-48 page_item_has_children\"><a href=\"https:\/\/belojardim.pe.leg.br\/portal\/vereadores\/\">Vereadores<\/a>\n<ul class='children'>\n\t<li class=\"page_item page-item-15044\"><a href=\"https:\/\/belojardim.pe.leg.br\/portal\/vereadores\/adriano-antonio-irmao-adriano\/\">Adriano Ant\u00f4nio (Irm\u00e3o Adriano)<\/a><\/li>\n\t<li class=\"page_item page-item-15048\"><a href=\"https:\/\/belojardim.pe.leg.br\/portal\/vereadores\/cristiano-cabeludo\/\">Cristiano Cabeludo<\/a><\/li>\n\t<li class=\"page_item page-item-14846\"><a href=\"https:\/\/belojardim.pe.leg.br\/portal\/vereadores\/daniel-lopes\/\">Daniel Lopes<\/a><\/li>\n\t<li class=\"page_item page-item-15064\"><a href=\"https:\/\/belojardim.pe.leg.br\/portal\/vereadores\/de-da-cohab\/\">D\u00e9 da Cohab<\/a><\/li>\n\t<li class=\"page_item page-item-15053\"><a href=\"https:\/\/belojardim.pe.leg.br\/portal\/vereadores\/edson-silva\/\">Edson Silva<\/a><\/li>\n\t<li class=\"page_item page-item-14848\"><a href=\"https:\/\/belojardim.pe.leg.br\/portal\/vereadores\/fabricio-de-chagas\/\">Fabr\u00edcio de Chagas<\/a><\/li>\n\t<li class=\"page_item page-item-15061\"><a href=\"https:\/\/belojardim.pe.leg.br\/portal\/vereadores\/jack-de-taboquinha\/\">Jack de Taboquinha<\/a><\/li>\n\t<li class=\"page_item page-item-15050\"><a href=\"https:\/\/belojardim.pe.leg.br\/portal\/vereadores\/rui-nunes\/\">Rui Nunes<\/a><\/li>\n<\/ul>\n<\/li>\n<\/ul>\n<h2 class=\"wsp-wpa-stats-types-title\">Stats Types<\/h2>\n<ul class=\"wsp-wpa-stats-types-list\">\n<li><a href=\"https:\/\/belojardim.pe.leg.br\/portal\/wpa-stats-type\/android\/\">Android<\/a><\/li>\n<li><a href=\"https:\/\/belojardim.pe.leg.br\/portal\/wpa-stats-type\/android-browser\/\">Android Browser<\/a><\/li>\n<li><a href=\"https:\/\/belojardim.pe.leg.br\/portal\/wpa-stats-type\/chrome\/\">Chrome<\/a><\/li>\n<li><a href=\"https:\/\/belojardim.pe.leg.br\/portal\/wpa-stats-type\/event\/\">event<\/a><\/li>\n<li><a href=\"https:\/\/belojardim.pe.leg.br\/portal\/wpa-stats-type\/firefox\/\">Firefox<\/a><\/li>\n<li><a href=\"https:\/\/belojardim.pe.leg.br\/portal\/wpa-stats-type\/ipad\/\">iPad<\/a><\/li>\n<li><a href=\"https:\/\/belojardim.pe.leg.br\/portal\/wpa-stats-type\/iphone\/\">iPhone<\/a><\/li>\n<li><a href=\"https:\/\/belojardim.pe.leg.br\/portal\/wpa-stats-type\/linux\/\">Linux<\/a><\/li>\n<li><a href=\"https:\/\/belojardim.pe.leg.br\/portal\/wpa-stats-type\/macintosh\/\">Macintosh<\/a><\/li>\n<li><a href=\"https:\/\/belojardim.pe.leg.br\/portal\/wpa-stats-type\/opera\/\">Opera<\/a><\/li>\n<li><a href=\"https:\/\/belojardim.pe.leg.br\/portal\/wpa-stats-type\/safari\/\">Safari<\/a><\/li>\n<li><a href=\"https:\/\/belojardim.pe.leg.br\/portal\/wpa-stats-type\/samsung-browser\/\">Samsung Browser<\/a><\/li>\n<li><a href=\"https:\/\/belojardim.pe.leg.br\/portal\/wpa-stats-type\/view\/\">view<\/a><\/li>\n<li><a href=\"https:\/\/belojardim.pe.leg.br\/portal\/wpa-stats-type\/windows\/\">Windows<\/a><\/li>\n<\/ul>\n<\/div>\n","protected":false},"excerpt":{"rendered":"","protected":false},"author":1,"featured_media":0,"parent":0,"menu_order":0,"comment_status":"closed","ping_status":"closed","template":"","meta":{"footnotes":""},"class_list":["post-11969","page","type-page","status-publish","hentry"],"yoast_head":"<!-- This site is optimized with the Yoast SEO plugin v25.1 - https:\/\/yoast.com\/wordpress\/plugins\/seo\/ -->\n<title>Mapa do Site - C\u00e2mara Municipal de Belo Jardim<\/title>\n<meta name=\"robots\" content=\"index, follow, max-snippet:-1, max-image-preview:large, max-video-preview:-1\" \/>\n<link rel=\"canonical\" href=\"https:\/\/belojardim.pe.leg.br\/portal\/mapa-do-site\/\" \/>\n<meta property=\"og:locale\" content=\"pt_BR\" \/>\n<meta property=\"og:type\" content=\"article\" \/>\n<meta property=\"og:title\" content=\"Mapa do Site - C\u00e2mara Municipal de Belo Jardim\" \/>\n<meta property=\"og:url\" content=\"https:\/\/belojardim.pe.leg.br\/portal\/mapa-do-site\/\" \/>\n<meta property=\"og:site_name\" content=\"C\u00e2mara Municipal de Belo Jardim\" \/>\n<meta name=\"twitter:card\" content=\"summary_large_image\" \/>\n<script type=\"application\/ld+json\" class=\"yoast-schema-graph\">{\"@context\":\"https:\/\/schema.org\",\"@graph\":[{\"@type\":\"WebPage\",\"@id\":\"https:\/\/belojardim.pe.leg.br\/portal\/mapa-do-site\/\",\"url\":\"https:\/\/belojardim.pe.leg.br\/portal\/mapa-do-site\/\",\"name\":\"Mapa do Site - C\u00e2mara Municipal de Belo Jardim\",\"isPartOf\":{\"@id\":\"https:\/\/belojardim.pe.leg.br\/portal\/#website\"},\"datePublished\":\"2020-05-06T09:30:24+00:00\",\"breadcrumb\":{\"@id\":\"https:\/\/belojardim.pe.leg.br\/portal\/mapa-do-site\/#breadcrumb\"},\"inLanguage\":\"pt-BR\",\"potentialAction\":[{\"@type\":\"ReadAction\",\"target\":[\"https:\/\/belojardim.pe.leg.br\/portal\/mapa-do-site\/\"]}]},{\"@type\":\"BreadcrumbList\",\"@id\":\"https:\/\/belojardim.pe.leg.br\/portal\/mapa-do-site\/#breadcrumb\",\"itemListElement\":[{\"@type\":\"ListItem\",\"position\":1,\"name\":\"In\u00edcio\",\"item\":\"https:\/\/belojardim.pe.leg.br\/portal\/\"},{\"@type\":\"ListItem\",\"position\":2,\"name\":\"Mapa do Site\"}]},{\"@type\":\"WebSite\",\"@id\":\"https:\/\/belojardim.pe.leg.br\/portal\/#website\",\"url\":\"https:\/\/belojardim.pe.leg.br\/portal\/\",\"name\":\"C\u00e2mara Municipal de Belo Jardim\",\"description\":\"Casa Cust\u00f3dio Ferreira Mergulh\u00e3o\",\"publisher\":{\"@id\":\"https:\/\/belojardim.pe.leg.br\/portal\/#organization\"},\"potentialAction\":[{\"@type\":\"SearchAction\",\"target\":{\"@type\":\"EntryPoint\",\"urlTemplate\":\"https:\/\/belojardim.pe.leg.br\/portal\/?s={search_term_string}\"},\"query-input\":{\"@type\":\"PropertyValueSpecification\",\"valueRequired\":true,\"valueName\":\"search_term_string\"}}],\"inLanguage\":\"pt-BR\"},{\"@type\":\"Organization\",\"@id\":\"https:\/\/belojardim.pe.leg.br\/portal\/#organization\",\"name\":\"C\u00e2mara Municipal de Belo Jardim\",\"url\":\"https:\/\/belojardim.pe.leg.br\/portal\/\",\"logo\":{\"@type\":\"ImageObject\",\"inLanguage\":\"pt-BR\",\"@id\":\"https:\/\/belojardim.pe.leg.br\/portal\/#\/schema\/logo\/image\/\",\"url\":\"https:\/\/belojardim.pe.leg.br\/portal\/wp-content\/uploads\/2025\/02\/brasao_novo_camara.png\",\"contentUrl\":\"https:\/\/belojardim.pe.leg.br\/portal\/wp-content\/uploads\/2025\/02\/brasao_novo_camara.png\",\"width\":7239,\"height\":1735,\"caption\":\"C\u00e2mara Municipal de Belo Jardim\"},\"image\":{\"@id\":\"https:\/\/belojardim.pe.leg.br\/portal\/#\/schema\/logo\/image\/\"}}]}<\/script>\n<!-- \/ Yoast SEO plugin. -->","yoast_head_json":{"title":"Mapa do Site - C\u00e2mara Municipal de Belo Jardim","robots":{"index":"index","follow":"follow","max-snippet":"max-snippet:-1","max-image-preview":"max-image-preview:large","max-video-preview":"max-video-preview:-1"},"canonical":"https:\/\/belojardim.pe.leg.br\/portal\/mapa-do-site\/","og_locale":"pt_BR","og_type":"article","og_title":"Mapa do Site - C\u00e2mara Municipal de Belo Jardim","og_url":"https:\/\/belojardim.pe.leg.br\/portal\/mapa-do-site\/","og_site_name":"C\u00e2mara Municipal de Belo Jardim","twitter_card":"summary_large_image","schema":{"@context":"https:\/\/schema.org","@graph":[{"@type":"WebPage","@id":"https:\/\/belojardim.pe.leg.br\/portal\/mapa-do-site\/","url":"https:\/\/belojardim.pe.leg.br\/portal\/mapa-do-site\/","name":"Mapa do Site - C\u00e2mara Municipal de Belo Jardim","isPartOf":{"@id":"https:\/\/belojardim.pe.leg.br\/portal\/#website"},"datePublished":"2020-05-06T09:30:24+00:00","breadcrumb":{"@id":"https:\/\/belojardim.pe.leg.br\/portal\/mapa-do-site\/#breadcrumb"},"inLanguage":"pt-BR","potentialAction":[{"@type":"ReadAction","target":["https:\/\/belojardim.pe.leg.br\/portal\/mapa-do-site\/"]}]},{"@type":"BreadcrumbList","@id":"https:\/\/belojardim.pe.leg.br\/portal\/mapa-do-site\/#breadcrumb","itemListElement":[{"@type":"ListItem","position":1,"name":"In\u00edcio","item":"https:\/\/belojardim.pe.leg.br\/portal\/"},{"@type":"ListItem","position":2,"name":"Mapa do Site"}]},{"@type":"WebSite","@id":"https:\/\/belojardim.pe.leg.br\/portal\/#website","url":"https:\/\/belojardim.pe.leg.br\/portal\/","name":"C\u00e2mara Municipal de Belo Jardim","description":"Casa Cust\u00f3dio Ferreira Mergulh\u00e3o","publisher":{"@id":"https:\/\/belojardim.pe.leg.br\/portal\/#organization"},"potentialAction":[{"@type":"SearchAction","target":{"@type":"EntryPoint","urlTemplate":"https:\/\/belojardim.pe.leg.br\/portal\/?s={search_term_string}"},"query-input":{"@type":"PropertyValueSpecification","valueRequired":true,"valueName":"search_term_string"}}],"inLanguage":"pt-BR"},{"@type":"Organization","@id":"https:\/\/belojardim.pe.leg.br\/portal\/#organization","name":"C\u00e2mara Municipal de Belo Jardim","url":"https:\/\/belojardim.pe.leg.br\/portal\/","logo":{"@type":"ImageObject","inLanguage":"pt-BR","@id":"https:\/\/belojardim.pe.leg.br\/portal\/#\/schema\/logo\/image\/","url":"https:\/\/belojardim.pe.leg.br\/portal\/wp-content\/uploads\/2025\/02\/brasao_novo_camara.png","contentUrl":"https:\/\/belojardim.pe.leg.br\/portal\/wp-content\/uploads\/2025\/02\/brasao_novo_camara.png","width":7239,"height":1735,"caption":"C\u00e2mara Municipal de Belo Jardim"},"image":{"@id":"https:\/\/belojardim.pe.leg.br\/portal\/#\/schema\/logo\/image\/"}}]}},"_links":{"self":[{"href":"https:\/\/belojardim.pe.leg.br\/portal\/wp-json\/wp\/v2\/pages\/11969","targetHints":{"allow":["GET"]}}],"collection":[{"href":"https:\/\/belojardim.pe.leg.br\/portal\/wp-json\/wp\/v2\/pages"}],"about":[{"href":"https:\/\/belojardim.pe.leg.br\/portal\/wp-json\/wp\/v2\/types\/page"}],"author":[{"embeddable":true,"href":"https:\/\/belojardim.pe.leg.br\/portal\/wp-json\/wp\/v2\/users\/1"}],"replies":[{"embeddable":true,"href":"https:\/\/belojardim.pe.leg.br\/portal\/wp-json\/wp\/v2\/comments?post=11969"}],"version-history":[{"count":1,"href":"https:\/\/belojardim.pe.leg.br\/portal\/wp-json\/wp\/v2\/pages\/11969\/revisions"}],"predecessor-version":[{"id":11970,"href":"https:\/\/belojardim.pe.leg.br\/portal\/wp-json\/wp\/v2\/pages\/11969\/revisions\/11970"}],"wp:attachment":[{"href":"https:\/\/belojardim.pe.leg.br\/portal\/wp-json\/wp\/v2\/media?parent=11969"}],"curies":[{"name":"wp","href":"https:\/\/api.w.org\/{rel}","templated":true}]}}