{"id":11605,"date":"2019-03-18T10:40:49","date_gmt":"2019-03-18T13:40:49","guid":{"rendered":"http:\/\/belojardim.pe.leg.br\/portal\/?page_id=11605"},"modified":"2025-06-09T08:58:16","modified_gmt":"2025-06-09T11:58:16","slug":"comissao-de-agricultura-pecuaria-e-politica-rural","status":"publish","type":"page","link":"https:\/\/belojardim.pe.leg.br\/portal\/comissao-de-agricultura-pecuaria-e-politica-rural\/","title":{"rendered":"Comiss\u00e3o de Agricultura, Pecu\u00e1ria e Pol\u00edtica Rural"},"content":{"rendered":"\r\n<p><strong><em>Art. 249-B.\u00a0<\/em><\/strong><em>\u00c0 Comiss\u00e3o de Agricultura, Pecu\u00e1ria e Pol\u00edtica Rural compete:<\/em><\/p>\r\n\r\n\r\n\r\n<p><em>I \u2013 opinar e emitir parecer sobre aspectos atinentes \u00e0 agricultura, agroind\u00fastria, pecu\u00e1ria, pesca e cooperativismo;<\/em><\/p>\r\n\r\n\r\n\r\n<p><em>II \u2013 estudar, opinar e dar parecer sobre terras p\u00fablicas, uso ou posse tempor\u00e1ria da terra; contratos agr\u00e1rios; aliena\u00e7\u00e3o e concess\u00e3o de terras p\u00fablicas; assuntos fundi\u00e1rios e demais mat\u00e9rias referentes ao setor prim\u00e1rio da economia; est\u00edmulos fiscais, financeiros e credit\u00edcios \u00e0 agricultura, \u00e0 pesquisa e experimenta\u00e7\u00e3o agr\u00edcolas;<\/em><\/p>\r\n\r\n\r\n\r\n<p><em>III \u2013 opinar e emitir parecer sobre pol\u00edticas agr\u00edcolas, de desenvolvimento tecnol\u00f3gico e de extens\u00e3o rural; de abastecimento, comercializa\u00e7\u00e3o e exporta\u00e7\u00e3o de produtos agropecu\u00e1rios; de eletrifica\u00e7\u00e3o rural; de irriga\u00e7\u00e3o e de insumos agropecu\u00e1rios;<\/em><\/p>\r\n\r\n\r\n\r\n<p><em>IV \u2013 estudar e dar parecer sobre organiza\u00e7\u00e3o do setor rural, condi\u00e7\u00f5es sociais do meio rural, planejamento agr\u00edcola e seguro agr\u00edcola;<\/em><\/p>\r\n\r\n\r\n\r\n<p><em>V \u2013 promover palestras, confer\u00eancias, estudos e debates e providenciar trabalhos t\u00e9cnicos relativos \u00e0 agroind\u00fastria;<\/em><\/p>\r\n\r\n\r\n\r\n<p><em>VI \u2013 manifestar-se sobre pol\u00edtica agroindustrial, padr\u00f5es alimentares do homem do campo, demanda e oferta de produtos industrializados com mat\u00e9ria-prima oriunda da agricultura; associativismo; propriedade rural; m\u00e3o de obra familiar rural; \u00eaxodo rural; transfer\u00eancias de tecnologias agroindustriais para pequenos propriet\u00e1rios rurais e programas de incentivos fiscais, credit\u00edcios e linhas de financiamento \u00e0 agroind\u00fastria; e<\/em><\/p>\r\n\r\n\r\n\r\n<p><em>VII \u2013 emitir parecer e acompanhar os assuntos concernentes \u00e0 vigil\u00e2ncia e defesa sanit\u00e1ria animal e vegetal; padroniza\u00e7\u00e3o e inspe\u00e7\u00e3o de produtos vegetais e animais; padroniza\u00e7\u00e3o, inspe\u00e7\u00e3o e fiscaliza\u00e7\u00e3o do uso de defensivos agr\u00edcolas nas atividades agropecu\u00e1rias; meteorologia e climatologia.\u201d<\/em><\/p>\r\n\r\n\r\n\r\n<p><strong>Composi\u00e7\u00e3o:<\/strong><\/p>\r\n\r\n\r\n\r\n<p>Presidente: Adriano Ant\u00f4nio Carlos \u2013 Podemos<br \/>Relator: Euno Andrade da Silva Filho \u2013 PSDB<br \/>Membro: Everaldo Jos\u00e9 da Silva &#8211; Rede\/PSOL<\/p>\r\n","protected":false},"excerpt":{"rendered":"<p>Art. 249-B.\u00a0\u00c0 Comiss\u00e3o de Agricultura, Pecu\u00e1ria e Pol\u00edtica Rural compete: I \u2013 opinar e emitir parecer sobre aspectos atinentes \u00e0 agricultura, agroind\u00fastria, pecu\u00e1ria, pesca e&#8230;<\/p>\n","protected":false},"author":1,"featured_media":0,"parent":0,"menu_order":0,"comment_status":"closed","ping_status":"closed","template":"","meta":{"footnotes":""},"class_list":["post-11605","page","type-page","status-publish","hentry"],"yoast_head":"<!-- This site is optimized with the Yoast SEO plugin v25.1 - https:\/\/yoast.com\/wordpress\/plugins\/seo\/ -->\n<title>Comiss\u00e3o de Agricultura, Pecu\u00e1ria e Pol\u00edtica Rural - C\u00e2mara Municipal de Belo Jardim<\/title>\n<meta name=\"robots\" content=\"index, follow, max-snippet:-1, max-image-preview:large, max-video-preview:-1\" \/>\n<link rel=\"canonical\" href=\"https:\/\/belojardim.pe.leg.br\/portal\/comissao-de-agricultura-pecuaria-e-politica-rural\/\" \/>\n<meta property=\"og:locale\" content=\"pt_BR\" \/>\n<meta property=\"og:type\" content=\"article\" \/>\n<meta property=\"og:title\" content=\"Comiss\u00e3o de Agricultura, Pecu\u00e1ria e Pol\u00edtica Rural - C\u00e2mara Municipal de Belo Jardim\" \/>\n<meta property=\"og:description\" content=\"Art. 249-B.\u00a0\u00c0 Comiss\u00e3o de Agricultura, Pecu\u00e1ria e Pol\u00edtica Rural compete: I \u2013 opinar e emitir parecer sobre aspectos atinentes \u00e0 agricultura, agroind\u00fastria, pecu\u00e1ria, pesca e...\" \/>\n<meta property=\"og:url\" content=\"https:\/\/belojardim.pe.leg.br\/portal\/comissao-de-agricultura-pecuaria-e-politica-rural\/\" \/>\n<meta property=\"og:site_name\" content=\"C\u00e2mara Municipal de Belo Jardim\" \/>\n<meta property=\"article:modified_time\" content=\"2025-06-09T11:58:16+00:00\" \/>\n<meta name=\"twitter:card\" content=\"summary_large_image\" \/>\n<meta name=\"twitter:label1\" content=\"Est. tempo de leitura\" \/>\n\t<meta name=\"twitter:data1\" content=\"2 minutos\" \/>\n<script type=\"application\/ld+json\" class=\"yoast-schema-graph\">{\"@context\":\"https:\/\/schema.org\",\"@graph\":[{\"@type\":\"WebPage\",\"@id\":\"https:\/\/belojardim.pe.leg.br\/portal\/comissao-de-agricultura-pecuaria-e-politica-rural\/\",\"url\":\"https:\/\/belojardim.pe.leg.br\/portal\/comissao-de-agricultura-pecuaria-e-politica-rural\/\",\"name\":\"Comiss\u00e3o de Agricultura, Pecu\u00e1ria e Pol\u00edtica Rural - C\u00e2mara Municipal de Belo Jardim\",\"isPartOf\":{\"@id\":\"https:\/\/belojardim.pe.leg.br\/portal\/#website\"},\"datePublished\":\"2019-03-18T13:40:49+00:00\",\"dateModified\":\"2025-06-09T11:58:16+00:00\",\"breadcrumb\":{\"@id\":\"https:\/\/belojardim.pe.leg.br\/portal\/comissao-de-agricultura-pecuaria-e-politica-rural\/#breadcrumb\"},\"inLanguage\":\"pt-BR\",\"potentialAction\":[{\"@type\":\"ReadAction\",\"target\":[\"https:\/\/belojardim.pe.leg.br\/portal\/comissao-de-agricultura-pecuaria-e-politica-rural\/\"]}]},{\"@type\":\"BreadcrumbList\",\"@id\":\"https:\/\/belojardim.pe.leg.br\/portal\/comissao-de-agricultura-pecuaria-e-politica-rural\/#breadcrumb\",\"itemListElement\":[{\"@type\":\"ListItem\",\"position\":1,\"name\":\"In\u00edcio\",\"item\":\"https:\/\/belojardim.pe.leg.br\/portal\/\"},{\"@type\":\"ListItem\",\"position\":2,\"name\":\"Comiss\u00e3o de Agricultura, Pecu\u00e1ria e Pol\u00edtica Rural\"}]},{\"@type\":\"WebSite\",\"@id\":\"https:\/\/belojardim.pe.leg.br\/portal\/#website\",\"url\":\"https:\/\/belojardim.pe.leg.br\/portal\/\",\"name\":\"C\u00e2mara Municipal de Belo Jardim\",\"description\":\"Casa Cust\u00f3dio Ferreira Mergulh\u00e3o\",\"publisher\":{\"@id\":\"https:\/\/belojardim.pe.leg.br\/portal\/#organization\"},\"potentialAction\":[{\"@type\":\"SearchAction\",\"target\":{\"@type\":\"EntryPoint\",\"urlTemplate\":\"https:\/\/belojardim.pe.leg.br\/portal\/?s={search_term_string}\"},\"query-input\":{\"@type\":\"PropertyValueSpecification\",\"valueRequired\":true,\"valueName\":\"search_term_string\"}}],\"inLanguage\":\"pt-BR\"},{\"@type\":\"Organization\",\"@id\":\"https:\/\/belojardim.pe.leg.br\/portal\/#organization\",\"name\":\"C\u00e2mara Municipal de Belo Jardim\",\"url\":\"https:\/\/belojardim.pe.leg.br\/portal\/\",\"logo\":{\"@type\":\"ImageObject\",\"inLanguage\":\"pt-BR\",\"@id\":\"https:\/\/belojardim.pe.leg.br\/portal\/#\/schema\/logo\/image\/\",\"url\":\"https:\/\/belojardim.pe.leg.br\/portal\/wp-content\/uploads\/2025\/02\/brasao_novo_camara.png\",\"contentUrl\":\"https:\/\/belojardim.pe.leg.br\/portal\/wp-content\/uploads\/2025\/02\/brasao_novo_camara.png\",\"width\":7239,\"height\":1735,\"caption\":\"C\u00e2mara Municipal de Belo Jardim\"},\"image\":{\"@id\":\"https:\/\/belojardim.pe.leg.br\/portal\/#\/schema\/logo\/image\/\"}}]}<\/script>\n<!-- \/ Yoast SEO plugin. -->","yoast_head_json":{"title":"Comiss\u00e3o de Agricultura, Pecu\u00e1ria e Pol\u00edtica Rural - C\u00e2mara Municipal de Belo Jardim","robots":{"index":"index","follow":"follow","max-snippet":"max-snippet:-1","max-image-preview":"max-image-preview:large","max-video-preview":"max-video-preview:-1"},"canonical":"https:\/\/belojardim.pe.leg.br\/portal\/comissao-de-agricultura-pecuaria-e-politica-rural\/","og_locale":"pt_BR","og_type":"article","og_title":"Comiss\u00e3o de Agricultura, Pecu\u00e1ria e Pol\u00edtica Rural - C\u00e2mara Municipal de Belo Jardim","og_description":"Art. 249-B.\u00a0\u00c0 Comiss\u00e3o de Agricultura, Pecu\u00e1ria e Pol\u00edtica Rural compete: I \u2013 opinar e emitir parecer sobre aspectos atinentes \u00e0 agricultura, agroind\u00fastria, pecu\u00e1ria, pesca e...","og_url":"https:\/\/belojardim.pe.leg.br\/portal\/comissao-de-agricultura-pecuaria-e-politica-rural\/","og_site_name":"C\u00e2mara Municipal de Belo Jardim","article_modified_time":"2025-06-09T11:58:16+00:00","twitter_card":"summary_large_image","twitter_misc":{"Est. tempo de leitura":"2 minutos"},"schema":{"@context":"https:\/\/schema.org","@graph":[{"@type":"WebPage","@id":"https:\/\/belojardim.pe.leg.br\/portal\/comissao-de-agricultura-pecuaria-e-politica-rural\/","url":"https:\/\/belojardim.pe.leg.br\/portal\/comissao-de-agricultura-pecuaria-e-politica-rural\/","name":"Comiss\u00e3o de Agricultura, Pecu\u00e1ria e Pol\u00edtica Rural - C\u00e2mara Municipal de Belo Jardim","isPartOf":{"@id":"https:\/\/belojardim.pe.leg.br\/portal\/#website"},"datePublished":"2019-03-18T13:40:49+00:00","dateModified":"2025-06-09T11:58:16+00:00","breadcrumb":{"@id":"https:\/\/belojardim.pe.leg.br\/portal\/comissao-de-agricultura-pecuaria-e-politica-rural\/#breadcrumb"},"inLanguage":"pt-BR","potentialAction":[{"@type":"ReadAction","target":["https:\/\/belojardim.pe.leg.br\/portal\/comissao-de-agricultura-pecuaria-e-politica-rural\/"]}]},{"@type":"BreadcrumbList","@id":"https:\/\/belojardim.pe.leg.br\/portal\/comissao-de-agricultura-pecuaria-e-politica-rural\/#breadcrumb","itemListElement":[{"@type":"ListItem","position":1,"name":"In\u00edcio","item":"https:\/\/belojardim.pe.leg.br\/portal\/"},{"@type":"ListItem","position":2,"name":"Comiss\u00e3o de Agricultura, Pecu\u00e1ria e Pol\u00edtica Rural"}]},{"@type":"WebSite","@id":"https:\/\/belojardim.pe.leg.br\/portal\/#website","url":"https:\/\/belojardim.pe.leg.br\/portal\/","name":"C\u00e2mara Municipal de Belo Jardim","description":"Casa Cust\u00f3dio Ferreira Mergulh\u00e3o","publisher":{"@id":"https:\/\/belojardim.pe.leg.br\/portal\/#organization"},"potentialAction":[{"@type":"SearchAction","target":{"@type":"EntryPoint","urlTemplate":"https:\/\/belojardim.pe.leg.br\/portal\/?s={search_term_string}"},"query-input":{"@type":"PropertyValueSpecification","valueRequired":true,"valueName":"search_term_string"}}],"inLanguage":"pt-BR"},{"@type":"Organization","@id":"https:\/\/belojardim.pe.leg.br\/portal\/#organization","name":"C\u00e2mara Municipal de Belo Jardim","url":"https:\/\/belojardim.pe.leg.br\/portal\/","logo":{"@type":"ImageObject","inLanguage":"pt-BR","@id":"https:\/\/belojardim.pe.leg.br\/portal\/#\/schema\/logo\/image\/","url":"https:\/\/belojardim.pe.leg.br\/portal\/wp-content\/uploads\/2025\/02\/brasao_novo_camara.png","contentUrl":"https:\/\/belojardim.pe.leg.br\/portal\/wp-content\/uploads\/2025\/02\/brasao_novo_camara.png","width":7239,"height":1735,"caption":"C\u00e2mara Municipal de Belo Jardim"},"image":{"@id":"https:\/\/belojardim.pe.leg.br\/portal\/#\/schema\/logo\/image\/"}}]}},"_links":{"self":[{"href":"https:\/\/belojardim.pe.leg.br\/portal\/wp-json\/wp\/v2\/pages\/11605","targetHints":{"allow":["GET"]}}],"collection":[{"href":"https:\/\/belojardim.pe.leg.br\/portal\/wp-json\/wp\/v2\/pages"}],"about":[{"href":"https:\/\/belojardim.pe.leg.br\/portal\/wp-json\/wp\/v2\/types\/page"}],"author":[{"embeddable":true,"href":"https:\/\/belojardim.pe.leg.br\/portal\/wp-json\/wp\/v2\/users\/1"}],"replies":[{"embeddable":true,"href":"https:\/\/belojardim.pe.leg.br\/portal\/wp-json\/wp\/v2\/comments?post=11605"}],"version-history":[{"count":6,"href":"https:\/\/belojardim.pe.leg.br\/portal\/wp-json\/wp\/v2\/pages\/11605\/revisions"}],"predecessor-version":[{"id":15196,"href":"https:\/\/belojardim.pe.leg.br\/portal\/wp-json\/wp\/v2\/pages\/11605\/revisions\/15196"}],"wp:attachment":[{"href":"https:\/\/belojardim.pe.leg.br\/portal\/wp-json\/wp\/v2\/media?parent=11605"}],"curies":[{"name":"wp","href":"https:\/\/api.w.org\/{rel}","templated":true}]}}

Comissão de Agricultura, Pecuária e Política Rural

<p><strong><em>Art. 249-B. </em></strong><em>À Comissão de Agricultura, Pecuária e Política Rural compete:</em></p>



<p><em>I – opinar e emitir parecer sobre aspectos atinentes à agricultura, agroindústria, pecuária, pesca e cooperativismo;</em></p>



<p><em>II – estudar, opinar e dar parecer sobre terras públicas, uso ou posse temporária da terra; contratos agrários; alienação e concessão de terras públicas; assuntos fundiários e demais matérias referentes ao setor primário da economia; estímulos fiscais, financeiros e creditícios à agricultura, à pesquisa e experimentação agrícolas;</em></p>



<p><em>III – opinar e emitir parecer sobre políticas agrícolas, de desenvolvimento tecnológico e de extensão rural; de abastecimento, comercialização e exportação de produtos agropecuários; de eletrificação rural; de irrigação e de insumos agropecuários;</em></p>



<p><em>IV – estudar e dar parecer sobre organização do setor rural, condições sociais do meio rural, planejamento agrícola e seguro agrícola;</em></p>



<p><em>V – promover palestras, conferências, estudos e debates e providenciar trabalhos técnicos relativos à agroindústria;</em></p>



<p><em>VI – manifestar-se sobre política agroindustrial, padrões alimentares do homem do campo, demanda e oferta de produtos industrializados com matéria-prima oriunda da agricultura; associativismo; propriedade rural; mão de obra familiar rural; êxodo rural; transferências de tecnologias agroindustriais para pequenos proprietários rurais e programas de incentivos fiscais, creditícios e linhas de financiamento à agroindústria; e</em></p>



<p><em>VII – emitir parecer e acompanhar os assuntos concernentes à vigilância e defesa sanitária animal e vegetal; padronização e inspeção de produtos vegetais e animais; padronização, inspeção e fiscalização do uso de defensivos agrícolas nas atividades agropecuárias; meteorologia e climatologia.”</em></p>



<p><strong>Composição:</strong></p>



<p>Presidente: Adriano Antônio Carlos – Podemos<br />Relator: Euno Andrade da Silva Filho – PSDB<br />Membro: Everaldo José da Silva &#8211; Rede/PSOL</p>

<p>Art. 249-B. À Comissão de Agricultura, Pecuária e Política Rural compete: I – opinar e emitir parecer sobre aspectos atinentes à agricultura, agroindústria, pecuária, pesca e&#8230;</p>

<!-- This site is optimized with the Yoast SEO plugin v25.1 - https://yoast.com/wordpress/plugins/seo/ -->
<title>Comissão de Agricultura, Pecuária e Política Rural - Câmara Municipal de Belo Jardim</title>
<meta name="robots" content="index, follow, max-snippet:-1, max-image-preview:large, max-video-preview:-1" />
<link rel="canonical" href="https://belojardim.pe.leg.br/portal/comissao-de-agricultura-pecuaria-e-politica-rural/" />
<meta property="og:locale" content="pt_BR" />
<meta property="og:type" content="article" />
<meta property="og:title" content="Comissão de Agricultura, Pecuária e Política Rural - Câmara Municipal de Belo Jardim" />
<meta property="og:description" content="Art. 249-B. À Comissão de Agricultura, Pecuária e Política Rural compete: I – opinar e emitir parecer sobre aspectos atinentes à agricultura, agroindústria, pecuária, pesca e..." />
<meta property="og:url" content="https://belojardim.pe.leg.br/portal/comissao-de-agricultura-pecuaria-e-politica-rural/" />
<meta property="og:site_name" content="Câmara Municipal de Belo Jardim" />
<meta property="article:modified_time" content="2025-06-09T11:58:16+00:00" />
<meta name="twitter:card" content="summary_large_image" />
<meta name="twitter:label1" content="Est. tempo de leitura" />
	<meta name="twitter:data1" content="2 minutos" />
<script type="application/ld+json" class="yoast-schema-graph">{"@context":"https://schema.org","@graph":[{"@type":"WebPage","@id":"https://belojardim.pe.leg.br/portal/comissao-de-agricultura-pecuaria-e-politica-rural/","url":"https://belojardim.pe.leg.br/portal/comissao-de-agricultura-pecuaria-e-politica-rural/","name":"Comissão de Agricultura, Pecuária e Política Rural - Câmara Municipal de Belo Jardim","isPartOf":{"@id":"https://belojardim.pe.leg.br/portal/#website"},"datePublished":"2019-03-18T13:40:49+00:00","dateModified":"2025-06-09T11:58:16+00:00","breadcrumb":{"@id":"https://belojardim.pe.leg.br/portal/comissao-de-agricultura-pecuaria-e-politica-rural/#breadcrumb"},"inLanguage":"pt-BR","potentialAction":[{"@type":"ReadAction","target":["https://belojardim.pe.leg.br/portal/comissao-de-agricultura-pecuaria-e-politica-rural/"]}]},{"@type":"BreadcrumbList","@id":"https://belojardim.pe.leg.br/portal/comissao-de-agricultura-pecuaria-e-politica-rural/#breadcrumb","itemListElement":[{"@type":"ListItem","position":1,"name":"Início","item":"https://belojardim.pe.leg.br/portal/"},{"@type":"ListItem","position":2,"name":"Comissão de Agricultura, Pecuária e Política Rural"}]},{"@type":"WebSite","@id":"https://belojardim.pe.leg.br/portal/#website","url":"https://belojardim.pe.leg.br/portal/","name":"Câmara Municipal de Belo Jardim","description":"Casa Custódio Ferreira Mergulhão","publisher":{"@id":"https://belojardim.pe.leg.br/portal/#organization"},"potentialAction":[{"@type":"SearchAction","target":{"@type":"EntryPoint","urlTemplate":"https://belojardim.pe.leg.br/portal/?s={search_term_string}"},"query-input":{"@type":"PropertyValueSpecification","valueRequired":true,"valueName":"search_term_string"}}],"inLanguage":"pt-BR"},{"@type":"Organization","@id":"https://belojardim.pe.leg.br/portal/#organization","name":"Câmara Municipal de Belo Jardim","url":"https://belojardim.pe.leg.br/portal/","logo":{"@type":"ImageObject","inLanguage":"pt-BR","@id":"https://belojardim.pe.leg.br/portal/#/schema/logo/image/","url":"https://belojardim.pe.leg.br/portal/wp-content/uploads/2025/02/brasao_novo_camara.png","contentUrl":"https://belojardim.pe.leg.br/portal/wp-content/uploads/2025/02/brasao_novo_camara.png","width":7239,"height":1735,"caption":"Câmara Municipal de Belo Jardim"},"image":{"@id":"https://belojardim.pe.leg.br/portal/#/schema/logo/image/"}}]}</script>
<!-- / Yoast SEO plugin. -->

Comissão de Agricultura, Pecuária e Política Rural - Câmara Municipal de Belo Jardim

Art. 249-B. À Comissão de Agricultura, Pecuária e Política Rural compete: I – opinar e emitir parecer sobre aspectos atinentes à agricultura, agroindústria, pecuária, pesca e...

Câmara Municipal de Belo Jardim

Início

Casa Custódio Ferreira Mergulhão
